CRAN Package Check Results for Package sdafilter

Last updated on 2022-01-26 15:53:03 CET.

Flavor Version Tinstall Tcheck Ttotal Status Flags
r-devel-linux-x86_64-debian-clang 1.0.0 1.69 41.50 43.19 NOTE
r-devel-linux-x86_64-debian-gcc 1.0.0 1.45 32.67 34.12 NOTE
r-devel-linux-x86_64-fedora-clang 1.0.0 52.83 NOTE
r-devel-linux-x86_64-fedora-gcc 1.0.0 42.29 NOTE
r-devel-windows-x86_64-new-UL 1.0.0 14.00 57.00 71.00 NOTE
r-devel-windows-x86_64-new-TK 1.0.0 NOTE
r-patched-linux-x86_64 1.0.0 1.58 40.41 41.99 NOTE
r-release-linux-x86_64 1.0.0 2.09 39.67 41.76 NOTE
r-release-macos-arm64 1.0.0 NOTE
r-release-macos-x86_64 1.0.0 NOTE
r-release-windows-ix86+x86_64 1.0.0 5.00 53.00 58.00 NOTE
r-oldrel-macos-x86_64 1.0.0 OK
r-oldrel-windows-ix86+x86_64 1.0.0 5.00 49.00 54.00 OK

Check Details

Version: 1.0.0
Check: LazyData
Result: NOTE
     'LazyData' is specified without a 'data' directory
Flavors: r-devel-linux-x86_64-debian-clang, r-devel-linux-x86_64-debian-gcc, r-devel-linux-x86_64-fedora-clang, r-devel-linux-x86_64-fedora-gcc, r-devel-windows-x86_64-new-UL, r-devel-windows-x86_64-new-TK, r-patched-linux-x86_64, r-release-linux-x86_64, r-release-macos-arm64, r-release-macos-x86_64, r-release-windows-ix86+x86_64