CRAN Package Check Results for Package scs

Last updated on 2022-01-25 15:54:31 CET.

Flavor Version Tinstall Tcheck Ttotal Status Flags
r-devel-linux-x86_64-debian-clang 3.0-0 9.51 33.05 42.56 NOTE
r-devel-linux-x86_64-debian-gcc 3.0-0 9.75 26.21 35.96 NOTE
r-devel-linux-x86_64-fedora-clang 3.0-0 53.58 NOTE
r-devel-linux-x86_64-fedora-gcc 3.0-0 47.23 NOTE
r-devel-windows-x86_64-new-UL 3.0-0 146.00 60.00 206.00 NOTE
r-devel-windows-x86_64-new-TK 3.0-0 NOTE
r-patched-linux-x86_64 3.0-0 11.11 31.47 42.58 NOTE
r-release-linux-x86_64 3.0-0 11.46 32.55 44.01 NOTE
r-release-macos-arm64 3.0-0 NOTE
r-release-macos-x86_64 3.0-0 NOTE
r-release-windows-ix86+x86_64 3.0-0 61.00 54.00 115.00 NOTE
r-oldrel-macos-x86_64 3.0-0 NOTE
r-oldrel-windows-ix86+x86_64 3.0-0 64.00 52.00 116.00 NOTE

Check Details

Version: 3.0-0
Check: for GNU extensions in Makefiles
Result: NOTE
    GNU make is a SystemRequirements.
Flavors: r-devel-linux-x86_64-debian-clang, r-devel-linux-x86_64-debian-gcc, r-devel-linux-x86_64-fedora-clang, r-devel-linux-x86_64-fedora-gcc, r-devel-windows-x86_64-new-UL, r-devel-windows-x86_64-new-TK, r-patched-linux-x86_64, r-release-linux-x86_64, r-release-macos-arm64, r-release-macos-x86_64, r-release-windows-ix86+x86_64, r-oldrel-macos-x86_64, r-oldrel-windows-ix86+x86_64