CRAN Package Check Results for Package scrollrevealR

Last updated on 2024-07-16 15:48:21 CEST.

Flavor Version Tinstall Tcheck Ttotal Status Flags
r-devel-linux-x86_64-debian-clang 0.2.0 2.12 25.43 27.55 NOTE
r-devel-linux-x86_64-debian-gcc 0.2.0 1.02 19.45 20.47 NOTE
r-devel-linux-x86_64-fedora-clang 0.2.0 35.37 NOTE
r-devel-linux-x86_64-fedora-gcc 0.2.0 46.36 NOTE
r-devel-windows-x86_64 0.2.0 3.00 42.00 45.00 NOTE
r-patched-linux-x86_64 0.2.0 1.25 23.51 24.76 NOTE
r-release-linux-x86_64 0.2.0 1.35 24.34 25.69 NOTE
r-release-macos-arm64 0.2.0 21.00 NOTE
r-release-macos-x86_64 0.2.0 33.00 NOTE
r-release-windows-x86_64 0.2.0 3.00 42.00 45.00 NOTE
r-oldrel-macos-arm64 0.2.0 23.00 NOTE
r-oldrel-macos-x86_64 0.2.0 30.00 NOTE
r-oldrel-windows-x86_64 0.2.0 3.00 43.00 46.00 NOTE

Check Details

Version: 0.2.0
Check: LazyData
Result: NOTE 'LazyData' is specified without a 'data' directory Flavors: r-devel-linux-x86_64-debian-clang, r-devel-linux-x86_64-debian-gcc, r-devel-linux-x86_64-fedora-clang, r-devel-linux-x86_64-fedora-gcc, r-devel-windows-x86_64, r-patched-linux-x86_64, r-release-linux-x86_64, r-release-macos-arm64, r-release-macos-x86_64, r-release-windows-x86_64, r-oldrel-macos-arm64, r-oldrel-macos-x86_64, r-oldrel-windows-x86_64