CRAN Package Check Results for Package scapesClassification

Last updated on 2022-09-30 04:59:21 CEST.

Flavor Version Tinstall Tcheck Ttotal Status Flags
r-devel-linux-x86_64-debian-clang 1.0.0 3.22 60.02 63.24 OK
r-devel-linux-x86_64-debian-gcc 1.0.0 3.41 44.41 47.82 OK
r-devel-linux-x86_64-fedora-clang 1.0.0 90.02 OK
r-devel-linux-x86_64-fedora-gcc 1.0.0 87.35 OK
r-devel-windows-x86_64 1.0.0 78.00 96.00 174.00 OK
r-patched-linux-x86_64 1.0.0 5.52 56.04 61.56 OK
r-release-linux-x86_64 1.0.0 4.32 56.11 60.43 OK
r-release-macos-arm64 1.0.0 25.00 OK
r-release-macos-x86_64 1.0.0 35.00 OK
r-release-windows-x86_64 1.0.0 169.00 86.00 255.00 OK
r-oldrel-macos-arm64 1.0.0 32.00 WARN
r-oldrel-macos-x86_64 1.0.0 38.00 WARN
r-oldrel-windows-ix86+x86_64 1.0.0 8.00 82.00 90.00 OK

Check Details

Version: 1.0.0
Check: for executable files
Result: WARN
    Found the following executable file:
     inst/extdata/Azores.dbf
    Source packages should not contain undeclared executable files.
    See section ‘Package structure’ in the ‘Writing R Extensions’ manual.
Flavors: r-oldrel-macos-arm64, r-oldrel-macos-x86_64