CRAN Package Check Results for Package scDiffCom

Last updated on 2024-07-25 04:50:03 CEST.

Flavor Version Tinstall Tcheck Ttotal Status Flags
r-devel-linux-x86_64-debian-clang 1.0.0 35.69 622.27 657.96 OK
r-devel-linux-x86_64-debian-gcc 1.0.0 29.45 1120.69 1150.14 OK
r-devel-linux-x86_64-fedora-clang 1.0.0 1180.92 OK
r-devel-linux-x86_64-fedora-gcc 1.0.0 1526.64 OK
r-devel-windows-x86_64 1.0.0 31.00 458.00 489.00 OK
r-patched-linux-x86_64 1.0.0 31.00 1449.75 1480.75 OK
r-release-linux-x86_64 1.0.0 22.59 1416.96 1439.55 OK
r-release-macos-arm64 1.0.0 227.00 NOTE
r-release-macos-x86_64 1.0.0 373.00 OK
r-release-windows-x86_64 1.0.0 31.00 468.00 499.00 OK
r-oldrel-macos-arm64 1.0.0 234.00 NOTE
r-oldrel-macos-x86_64 1.0.0 700.00 NOTE
r-oldrel-windows-x86_64 1.0.0 46.00 578.00 624.00 OK

Additional issues

noSuggests

Check Details

Version: 1.0.0
Check: package dependencies
Result: NOTE Package suggested but not available for checking: ‘SingleCellSignalR’ Flavor: r-release-macos-arm64

Version: 1.0.0
Check: package dependencies
Result: NOTE Packages suggested but not available for checking: 'ontoProc', 'rrvgo', 'SingleCellSignalR' Flavors: r-oldrel-macos-arm64, r-oldrel-macos-x86_64