CRAN Package Check Results for Package satscanMapper

Last updated on 2022-01-21 03:56:12 CET.

Flavor Version Tinstall Tcheck Ttotal Status Flags
r-devel-linux-x86_64-debian-clang 1.0.1 NOTE
r-devel-linux-x86_64-debian-gcc 1.0.1 7.23 56.63 63.86 NOTE
r-devel-linux-x86_64-fedora-clang 1.0.1 102.51 NOTE
r-devel-linux-x86_64-fedora-gcc 1.0.1 91.23 NOTE
r-devel-windows-x86_64-new-UL 1.0.1 117.00 126.00 243.00 OK
r-devel-windows-x86_64-new-TK 1.0.1 OK
r-patched-linux-x86_64 1.0.1 7.83 70.88 78.71 NOTE
r-release-linux-x86_64 1.0.1 8.30 72.07 80.37 NOTE
r-release-macos-arm64 1.0.1 OK
r-release-macos-x86_64 1.0.1 OK
r-release-windows-ix86+x86_64 1.0.1 29.00 132.00 161.00 OK
r-oldrel-macos-x86_64 1.0.1 OK
r-oldrel-windows-ix86+x86_64 1.0.1 29.00 128.00 157.00 OK

Check Details

Version: 1.0.1
Check: for non-standard things in the check directory
Result: NOTE
    Found the following files/directories:
     'stateLung-R01.pdf' 'stateLung-R01.txt'
Flavors: r-devel-linux-x86_64-debian-clang, r-devel-linux-x86_64-debian-gcc, r-devel-linux-x86_64-fedora-clang, r-devel-linux-x86_64-fedora-gcc, r-patched-linux-x86_64, r-release-linux-x86_64