CRAN Package Check Results for Package satin

Last updated on 2022-01-27 15:53:47 CET.

Flavor Version Tinstall Tcheck Ttotal Status Flags
r-devel-linux-x86_64-debian-clang 1.0 7.48 68.50 75.98 OK
r-devel-linux-x86_64-debian-gcc 1.0 5.77 53.43 59.20 OK
r-devel-linux-x86_64-fedora-clang 1.0 89.58 NOTE
r-devel-linux-x86_64-fedora-gcc 1.0 80.33 NOTE
r-devel-windows-x86_64-new-UL 1.0 33.00 93.00 126.00 OK
r-devel-windows-x86_64-new-TK 1.0 NOTE
r-patched-linux-x86_64 1.0 9.99 65.99 75.98 OK
r-release-linux-x86_64 1.0 6.91 64.16 71.07 OK
r-release-macos-arm64 1.0 NOTE
r-release-macos-x86_64 1.0 NOTE
r-release-windows-ix86+x86_64 1.0 15.00 81.00 96.00 OK
r-oldrel-macos-x86_64 1.0 NOTE
r-oldrel-windows-ix86+x86_64 1.0 15.00 83.00 98.00 OK

Check Details

Version: 1.0
Check: dependencies in R code
Result: NOTE
    Namespace in Imports field not imported from: ‘maptools’
     All declared Imports should be used.
Flavors: r-devel-linux-x86_64-fedora-clang, r-devel-linux-x86_64-fedora-gcc, r-devel-windows-x86_64-new-TK, r-release-macos-arm64, r-release-macos-x86_64, r-oldrel-macos-x86_64