CRAN Package Check Results for Package saqgetr

Last updated on 2023-01-29 03:55:25 CET.

Flavor Version Tinstall Tcheck Ttotal Status Flags
r-devel-linux-x86_64-debian-clang 0.2.21 4.35 49.52 53.87 NOTE
r-devel-linux-x86_64-debian-gcc 0.2.21 3.73 37.11 40.84 NOTE
r-devel-linux-x86_64-fedora-clang 0.2.21 69.50 NOTE
r-devel-linux-x86_64-fedora-gcc 0.2.21 68.30 NOTE
r-patched-linux-x86_64 0.2.21 4.78 48.21 52.99 NOTE
r-release-linux-x86_64 0.2.21 3.14 48.24 51.38 NOTE
r-release-macos-arm64 0.2.21 63.00 NOTE
r-release-macos-x86_64 0.2.21 47.00 NOTE
r-release-windows-x86_64 0.2.21 12.00 80.00 92.00 NOTE
r-oldrel-macos-arm64 0.2.21 33.00 NOTE
r-oldrel-macos-x86_64 0.2.21 43.00 NOTE
r-oldrel-windows-ix86+x86_64 0.2.21 13.00 74.00 87.00 NOTE

Check Details

Version: 0.2.21
Check: LazyData
Result: NOTE
     'LazyData' is specified without a 'data' directory
Flavors: r-devel-linux-x86_64-debian-clang, r-devel-linux-x86_64-debian-gcc, r-devel-linux-x86_64-fedora-clang, r-devel-linux-x86_64-fedora-gcc, r-patched-linux-x86_64, r-release-linux-x86_64, r-release-macos-arm64, r-release-macos-x86_64, r-release-windows-x86_64, r-oldrel-macos-arm64, r-oldrel-macos-x86_64, r-oldrel-windows-ix86+x86_64