Last updated on 2023-10-01 05:05:53 CEST.
Flavor | Version | Tinstall | Tcheck | Ttotal | Status | Flags |
---|---|---|---|---|---|---|
r-devel-linux-x86_64-debian-clang | 0.2.21 | 5.26 | 44.65 | 49.91 | NOTE | |
r-devel-linux-x86_64-debian-gcc | 0.2.21 | 4.08 | 33.96 | 38.04 | NOTE | |
r-devel-linux-x86_64-fedora-clang | 0.2.21 | 62.60 | NOTE | |||
r-devel-linux-x86_64-fedora-gcc | 0.2.21 | 63.76 | NOTE | |||
r-devel-windows-x86_64 | 0.2.21 | 8.00 | 61.00 | 69.00 | NOTE | |
r-patched-linux-x86_64 | 0.2.21 | 3.28 | 43.23 | 46.51 | NOTE | |
r-release-linux-x86_64 | 0.2.21 | 3.04 | 43.03 | 46.07 | NOTE | |
r-release-macos-arm64 | 0.2.21 | 55.00 | NOTE | |||
r-release-macos-x86_64 | 0.2.21 | 38.00 | NOTE | |||
r-release-windows-x86_64 | 0.2.21 | 9.00 | 64.00 | 73.00 | NOTE | |
r-oldrel-macos-arm64 | 0.2.21 | 63.00 | NOTE | |||
r-oldrel-macos-x86_64 | 0.2.21 | 47.00 | NOTE | |||
r-oldrel-windows-x86_64 | 0.2.21 | 9.00 | 65.00 | 74.00 | NOTE |
Version: 0.2.21
Check: LazyData
Result: NOTE
'LazyData' is specified without a 'data' directory
Flavors: r-devel-linux-x86_64-debian-clang, r-devel-linux-x86_64-debian-gcc, r-devel-linux-x86_64-fedora-clang, r-devel-linux-x86_64-fedora-gcc, r-devel-windows-x86_64, r-patched-linux-x86_64, r-release-linux-x86_64, r-release-macos-arm64, r-release-macos-x86_64, r-release-windows-x86_64, r-oldrel-macos-arm64, r-oldrel-macos-x86_64, r-oldrel-windows-x86_64