CRAN Package Check Results for Package sanityTracker

Last updated on 2023-10-01 05:05:53 CEST.

Flavor Version Tinstall Tcheck Ttotal Status Flags
r-devel-linux-x86_64-debian-clang 0.1.0 3.14 35.83 38.97 NOTE
r-devel-linux-x86_64-debian-gcc 0.1.0 2.40 27.11 29.51 NOTE
r-devel-linux-x86_64-fedora-clang 0.1.0 49.13 NOTE
r-devel-linux-x86_64-fedora-gcc 0.1.0 60.38 NOTE
r-devel-windows-x86_64 0.1.0 3.00 51.00 54.00 NOTE
r-patched-linux-x86_64 0.1.0 2.61 33.42 36.03 NOTE
r-release-linux-x86_64 0.1.0 2.57 34.27 36.84 NOTE
r-release-macos-arm64 0.1.0 29.00 NOTE
r-release-macos-x86_64 0.1.0 36.00 NOTE
r-release-windows-x86_64 0.1.0 5.00 52.00 57.00 NOTE
r-oldrel-macos-arm64 0.1.0 21.00 NOTE
r-oldrel-macos-x86_64 0.1.0 26.00 NOTE
r-oldrel-windows-x86_64 0.1.0 5.00 53.00 58.00 NOTE

Check Details

Version: 0.1.0
Check: LazyData
Result: NOTE
     'LazyData' is specified without a 'data' directory
Flavors: r-devel-linux-x86_64-debian-clang, r-devel-linux-x86_64-debian-gcc, r-devel-linux-x86_64-fedora-clang, r-devel-linux-x86_64-fedora-gcc, r-devel-windows-x86_64, r-patched-linux-x86_64, r-release-linux-x86_64, r-release-macos-arm64, r-release-macos-x86_64, r-release-windows-x86_64, r-oldrel-macos-arm64, r-oldrel-macos-x86_64, r-oldrel-windows-x86_64