CRAN Package Check Results for Package sanityTracker

Last updated on 2023-02-06 15:57:27 CET.

Flavor Version Tinstall Tcheck Ttotal Status Flags
r-devel-linux-x86_64-debian-clang 0.1.0 3.23 35.16 38.39 NOTE
r-devel-linux-x86_64-debian-gcc 0.1.0 2.01 26.49 28.50 NOTE
r-devel-linux-x86_64-fedora-clang 0.1.0 47.56 NOTE
r-devel-linux-x86_64-fedora-gcc 0.1.0 56.32 NOTE
r-devel-windows-x86_64 0.1.0 30.00 69.00 99.00 NOTE
r-patched-linux-x86_64 0.1.0 2.60 33.15 35.75 NOTE
r-release-linux-x86_64 0.1.0 2.91 33.53 36.44 NOTE
r-release-macos-arm64 0.1.0 21.00 NOTE
r-release-macos-x86_64 0.1.0 26.00 NOTE
r-release-windows-x86_64 0.1.0 29.00 69.00 98.00 NOTE
r-oldrel-macos-arm64 0.1.0 24.00 NOTE
r-oldrel-macos-x86_64 0.1.0 44.00 NOTE
r-oldrel-windows-ix86+x86_64 0.1.0 7.00 64.00 71.00 NOTE

Check Details

Version: 0.1.0
Check: LazyData
Result: NOTE
     'LazyData' is specified without a 'data' directory
Flavors: r-devel-linux-x86_64-debian-clang, r-devel-linux-x86_64-debian-gcc, r-devel-linux-x86_64-fedora-clang, r-devel-linux-x86_64-fedora-gcc, r-devel-windows-x86_64, r-patched-linux-x86_64, r-release-linux-x86_64, r-release-macos-arm64, r-release-macos-x86_64, r-release-windows-x86_64, r-oldrel-macos-arm64, r-oldrel-macos-x86_64, r-oldrel-windows-ix86+x86_64