CRAN Package Check Results for Package samr

Last updated on 2023-01-31 04:06:33 CET.

Flavor Version Tinstall Tcheck Ttotal Status Flags
r-devel-linux-x86_64-debian-clang 3.0 10.99 101.64 112.63 NOTE
r-devel-linux-x86_64-debian-gcc 3.0 8.95 74.38 83.33 NOTE
r-devel-linux-x86_64-fedora-clang 3.0 135.05 NOTE
r-devel-linux-x86_64-fedora-gcc 3.0 138.57 NOTE
r-devel-windows-x86_64 3.0 35.00 134.00 169.00 NOTE
r-patched-linux-x86_64 3.0 9.62 97.02 106.64 OK
r-release-linux-x86_64 3.0 7.72 97.46 105.18 OK
r-release-macos-arm64 3.0 44.00 OK
r-release-macos-x86_64 3.0 77.00 OK
r-release-windows-x86_64 3.0 39.00 140.00 179.00 OK
r-oldrel-macos-arm64 3.0 50.00 OK
r-oldrel-macos-x86_64 3.0 62.00 OK
r-oldrel-windows-ix86+x86_64 3.0 25.00 192.00 217.00 OK

Check Details

Version: 3.0
Check: Rd files
Result: NOTE
    checkRd: (-1) SAM.Rd:67: Escaped LaTeX specials: \$
    checkRd: (-1) samr.Rd:59: Escaped LaTeX specials: \$
    checkRd: (-1) samr.Rd:84: Escaped LaTeX specials: \# \$
    checkRd: (-1) samr.Rd:88: Escaped LaTeX specials: \$
    checkRd: (-1) samr.Rd:92: Escaped LaTeX specials: \$
    checkRd: (-1) samr.Rd:97: Escaped LaTeX specials: \#
    checkRd: (-1) samr.assess.samplesize.plot.Rd:12: Escaped LaTeX specials: \#
Flavors: r-devel-linux-x86_64-debian-clang, r-devel-linux-x86_64-debian-gcc, r-devel-linux-x86_64-fedora-clang, r-devel-linux-x86_64-fedora-gcc, r-devel-windows-x86_64