CRAN Package Check Results for Package salty

Last updated on 2024-07-19 16:57:34 CEST.

Flavor Version Tinstall Tcheck Ttotal Status Flags
r-devel-linux-x86_64-debian-clang 0.1.0 2.59 51.07 53.66 NOTE
r-devel-linux-x86_64-debian-gcc 0.1.0 2.23 36.70 38.93 NOTE
r-devel-linux-x86_64-fedora-clang 0.1.0 66.35 NOTE
r-devel-linux-x86_64-fedora-gcc 0.1.0 61.87 NOTE
r-devel-windows-x86_64 0.1.0 5.00 59.00 64.00 NOTE
r-patched-linux-x86_64 0.1.0 2.72 48.05 50.77 NOTE
r-release-linux-x86_64 0.1.0 2.53 47.23 49.76 NOTE
r-release-macos-arm64 0.1.0 21.00 NOTE
r-release-macos-x86_64 0.1.0 33.00 NOTE
r-release-windows-x86_64 0.1.0 4.00 60.00 64.00 NOTE
r-oldrel-macos-arm64 0.1.0 25.00 NOTE
r-oldrel-macos-x86_64 0.1.0 36.00 NOTE
r-oldrel-windows-x86_64 0.1.0 5.00 68.00 73.00 NOTE

Check Details

Version: 0.1.0
Check: LazyData
Result: NOTE 'LazyData' is specified without a 'data' directory Flavors: r-devel-linux-x86_64-debian-clang, r-devel-linux-x86_64-debian-gcc, r-devel-linux-x86_64-fedora-clang, r-devel-linux-x86_64-fedora-gcc, r-devel-windows-x86_64, r-patched-linux-x86_64, r-release-linux-x86_64, r-release-macos-arm64, r-release-macos-x86_64, r-release-windows-x86_64, r-oldrel-macos-arm64, r-oldrel-macos-x86_64, r-oldrel-windows-x86_64