CRAN Package Check Results for Package safetyGraphics

Last updated on 2024-07-25 04:50:03 CEST.

Flavor Version Tinstall Tcheck Ttotal Status Flags
r-devel-linux-x86_64-debian-clang 2.1.1 12.39 116.77 129.16 NOTE
r-devel-linux-x86_64-debian-gcc 2.1.1 10.00 88.20 98.20 NOTE
r-devel-linux-x86_64-fedora-clang 2.1.1 164.59 NOTE
r-devel-linux-x86_64-fedora-gcc 2.1.1 168.77 NOTE
r-devel-windows-x86_64 2.1.1 14.00 121.00 135.00 NOTE
r-patched-linux-x86_64 2.1.1 9.59 112.61 122.20 NOTE
r-release-linux-x86_64 2.1.1 8.43 114.34 122.77 NOTE
r-release-macos-arm64 2.1.1 79.00 NOTE
r-release-macos-x86_64 2.1.1 106.00 NOTE
r-release-windows-x86_64 2.1.1 12.00 118.00 130.00 NOTE
r-oldrel-macos-arm64 2.1.1 85.00 OK
r-oldrel-macos-x86_64 2.1.1 113.00 OK
r-oldrel-windows-x86_64 2.1.1 17.00 138.00 155.00 OK

Check Details

Version: 2.1.1
Check: Rd files
Result: NOTE checkRd: (-1) app_startup.Rd:35: Lost braces in \itemize; \value handles \item{}{} directly checkRd: (-1) app_startup.Rd:36: Lost braces in \itemize; \value handles \item{}{} directly checkRd: (-1) app_startup.Rd:37: Lost braces in \itemize; \value handles \item{}{} directly checkRd: (-1) app_startup.Rd:38: Lost braces in \itemize; \value handles \item{}{} directly checkRd: (-1) app_startup.Rd:39: Lost braces in \itemize; \value handles \item{}{} directly checkRd: (-1) makeChartConfig.Rd:17: Lost braces; missing escapes or markup? 17 | \item{packages}{installed packages names containing yaml config files in the /inst/{packageLocation} folder} | ^ checkRd: (-1) makeChartConfig.Rd:26: Lost braces in \itemize; \value handles \item{}{} directly checkRd: (-1) makeChartConfig.Rd:27: Lost braces in \itemize; \value handles \item{}{} directly checkRd: (-1) makeChartConfig.Rd:28: Lost braces in \itemize; \value handles \item{}{} directly checkRd: (-1) makeChartConfig.Rd:29: Lost braces in \itemize; \value handles \item{}{} directly checkRd: (-1) makeChartConfig.Rd:30: Lost braces in \itemize; \value handles \item{}{} directly checkRd: (-1) makeChartConfig.Rd:31: Lost braces in \itemize; \value handles \item{}{} directly checkRd: (-1) makeChartConfig.Rd:32: Lost braces in \itemize; \value handles \item{}{} directly checkRd: (-1) makeChartConfig.Rd:33: Lost braces in \itemize; \value handles \item{}{} directly checkRd: (-1) makeChartConfig.Rd:34: Lost braces in \itemize; \value handles \item{}{} directly checkRd: (-1) makeChartConfig.Rd:35: Lost braces in \itemize; \value handles \item{}{} directly checkRd: (-1) makeChartConfig.Rd:36: Lost braces in \itemize; \value handles \item{}{} directly checkRd: (-1) makeChartConfig.Rd:37: Lost braces in \itemize; \value handles \item{}{} directly checkRd: (-1) makeMapping.Rd:21: Lost braces in \itemize; \value handles \item{}{} directly checkRd: (-1) makeMapping.Rd:22: Lost braces in \itemize; \value handles \item{}{} directly checkRd: (-1) makeMeta.Rd:30: Lost braces; missing escapes or markup? 30 | \item Domain-level metadata saved as meta_{chart$name} in the chart$package namespace | ^ checkRd: (-1) makeMeta.Rd:31: Lost braces; missing escapes or markup? 31 | \item Chart-specific metadata saved as meta_{chart$domain} in the chart$package namespace | ^ Flavors: r-devel-linux-x86_64-debian-clang, r-devel-linux-x86_64-debian-gcc, r-devel-linux-x86_64-fedora-clang, r-devel-linux-x86_64-fedora-gcc, r-devel-windows-x86_64, r-patched-linux-x86_64, r-release-linux-x86_64, r-release-macos-arm64, r-release-macos-x86_64, r-release-windows-x86_64