CRAN Package Check Results for Package sRdpData

Last updated on 2023-02-06 15:57:29 CET.

Flavor Version Tinstall Tcheck Ttotal Status Flags
r-devel-linux-x86_64-debian-clang 0.1.0 2.69 32.54 35.23 OK
r-devel-linux-x86_64-debian-gcc 0.1.0 2.42 25.26 27.68 OK
r-devel-linux-x86_64-fedora-clang 0.1.0 47.21 NOTE
r-devel-linux-x86_64-fedora-gcc 0.1.0 43.84 NOTE
r-devel-windows-x86_64 0.1.0 12.00 62.00 74.00 OK
r-patched-linux-x86_64 0.1.0 2.76 32.57 35.33 OK
r-release-linux-x86_64 0.1.0 3.19 32.12 35.31 OK
r-release-macos-arm64 0.1.0 21.00 NOTE
r-release-macos-x86_64 0.1.0 34.00 NOTE
r-release-windows-x86_64 0.1.0 16.00 66.00 82.00 OK
r-oldrel-macos-arm64 0.1.0 17.00 NOTE
r-oldrel-macos-x86_64 0.1.0 26.00 NOTE
r-oldrel-windows-ix86+x86_64 0.1.0 8.00 69.00 77.00 OK

Check Details

Version: 0.1.0
Check: data for non-ASCII characters
Result: NOTE
     Note: found 35 marked UTF-8 strings
Flavors: r-devel-linux-x86_64-fedora-clang, r-devel-linux-x86_64-fedora-gcc, r-release-macos-arm64, r-release-macos-x86_64, r-oldrel-macos-arm64, r-oldrel-macos-x86_64