CRAN Package Check Results for Package s2

Last updated on 2021-12-01 03:55:41 CET.

Flavor Version Tinstall Tcheck Ttotal Status Flags
r-devel-linux-x86_64-debian-clang 1.0.7 546.84 49.37 596.21 OK
r-devel-linux-x86_64-debian-gcc 1.0.7 432.59 38.49 471.08 OK
r-devel-linux-x86_64-fedora-clang 1.0.7 1025.85 NOTE
r-devel-linux-x86_64-fedora-gcc 1.0.7 906.34 OK
r-devel-windows-x86_64-new-UL 1.0.7 906.00 608.00 1514.00 NOTE
r-devel-windows-x86_64-new-TK 1.0.7 OK
r-devel-windows-x86_64-old 1.0.7 792.00 398.00 1190.00 NOTE
r-patched-linux-x86_64 1.0.7 525.21 47.28 572.49 OK
r-patched-solaris-x86 1.0.7 692.10 OK
r-release-linux-x86_64 1.0.7 530.16 47.66 577.82 OK
r-release-macos-arm64 1.0.7 NOTE
r-release-macos-x86_64 1.0.7 NOTE
r-release-windows-ix86+x86_64 1.0.7 1468.00 114.00 1582.00 NOTE
r-oldrel-macos-x86_64 1.0.7 NOTE
r-oldrel-windows-ix86+x86_64 1.0.7 1052.00 110.00 1162.00 NOTE

Check Details

Version: 1.0.7
Check: installed package size
Result: NOTE
     installed size is 35.4Mb
     sub-directories of 1Mb or more:
     libs 34.3Mb
Flavors: r-devel-linux-x86_64-fedora-clang, r-devel-windows-x86_64-new-UL, r-devel-windows-x86_64-old, r-release-macos-arm64, r-release-macos-x86_64, r-release-windows-ix86+x86_64, r-oldrel-macos-x86_64, r-oldrel-windows-ix86+x86_64