CRAN Package Check Results for Package rworldxtra

Last updated on 2022-01-22 15:52:24 CET.

Flavor Version Tinstall Tcheck Ttotal Status Flags
r-devel-linux-x86_64-debian-clang 1.01 2.21 29.94 32.15 NOTE
r-devel-linux-x86_64-debian-gcc 1.01 1.65 23.69 25.34 NOTE
r-devel-linux-x86_64-fedora-clang 1.01 40.15 NOTE
r-devel-linux-x86_64-fedora-gcc 1.01 29.01 NOTE
r-devel-windows-x86_64-new-UL 1.01 15.00 49.00 64.00 NOTE
r-devel-windows-x86_64-new-TK 1.01 NOTE
r-patched-linux-x86_64 1.01 1.87 28.82 30.69 NOTE
r-release-linux-x86_64 1.01 2.62 29.34 31.96 NOTE
r-release-macos-arm64 1.01 NOTE
r-release-macos-x86_64 1.01 NOTE
r-release-windows-ix86+x86_64 1.01 6.00 40.00 46.00 NOTE
r-oldrel-macos-x86_64 1.01 NOTE
r-oldrel-windows-ix86+x86_64 1.01 7.00 39.00 46.00 NOTE

Check Details

Version: 1.01
Check: DESCRIPTION meta-information
Result: NOTE
    Malformed Title field: should not end in a period.
Flavors: r-devel-linux-x86_64-debian-clang, r-devel-linux-x86_64-debian-gcc, r-devel-linux-x86_64-fedora-clang, r-devel-linux-x86_64-fedora-gcc, r-devel-windows-x86_64-new-UL, r-devel-windows-x86_64-new-TK, r-patched-linux-x86_64, r-release-linux-x86_64, r-release-macos-arm64, r-release-macos-x86_64, r-release-windows-ix86+x86_64, r-oldrel-macos-x86_64, r-oldrel-windows-ix86+x86_64

Version: 1.01
Check: installed package size
Result: NOTE
     installed size is 5.1Mb
     sub-directories of 1Mb or more:
     data 5.0Mb
Flavors: r-devel-linux-x86_64-fedora-clang, r-devel-windows-x86_64-new-UL, r-release-macos-arm64, r-release-macos-x86_64, r-release-windows-ix86+x86_64, r-oldrel-macos-x86_64, r-oldrel-windows-ix86+x86_64