CRAN Package Check Results for Package rvg

Last updated on 2023-02-01 15:51:36 CET.

Flavor Version Tinstall Tcheck Ttotal Status Flags
r-devel-linux-x86_64-debian-clang 0.3.2 115.33 53.81 169.14 NOTE
r-devel-linux-x86_64-debian-gcc 0.3.2 88.22 42.23 130.45 NOTE
r-devel-linux-x86_64-fedora-clang 0.3.2 293.23 NOTE
r-devel-linux-x86_64-fedora-gcc 0.3.2 216.65 NOTE
r-devel-windows-x86_64 0.3.2 187.00 104.00 291.00 NOTE
r-patched-linux-x86_64 0.3.2 86.77 55.12 141.89 OK
r-release-linux-x86_64 0.3.2 84.80 55.71 140.51 OK
r-release-macos-arm64 0.3.2 59.00 OK
r-release-macos-x86_64 0.3.2 82.00 OK
r-release-windows-x86_64 0.3.2 99.00 118.00 217.00 OK
r-oldrel-macos-arm64 0.3.2 68.00 OK
r-oldrel-macos-x86_64 0.3.2 85.00 OK
r-oldrel-windows-ix86+x86_64 0.3.2 291.00 127.00 418.00 OK

Check Details

Version: 0.3.2
Check: C++ specification
Result: NOTE
     Specified C++11: please update to current default of C++17
Flavors: r-devel-linux-x86_64-debian-clang, r-devel-linux-x86_64-debian-gcc, r-devel-linux-x86_64-fedora-clang, r-devel-linux-x86_64-fedora-gcc, r-devel-windows-x86_64