Last updated on 2023-03-26 15:52:45 CEST.
Flavor | Version | Tinstall | Tcheck | Ttotal | Status | Flags |
---|---|---|---|---|---|---|
r-devel-linux-x86_64-debian-clang | 2.1.2 | 2.31 | 25.17 | 27.48 | OK | |
r-devel-linux-x86_64-debian-gcc | 2.1.2 | 1.52 | 19.70 | 21.22 | OK | |
r-devel-linux-x86_64-fedora-clang | 2.1.2 | 35.31 | OK | |||
r-devel-linux-x86_64-fedora-gcc | 2.1.2 | 33.24 | OK | |||
r-patched-linux-x86_64 | 2.1.2 | 2.43 | 24.20 | 26.63 | OK | |
r-release-linux-x86_64 | 2.1.2 | 2.09 | 26.12 | 28.21 | OK | |
r-release-macos-arm64 | 2.1.2 | 26.00 | OK | |||
r-release-macos-x86_64 | 2.1.2 | 24.00 | OK | |||
r-release-windows-x86_64 | 2.1.2 | 14.00 | 54.00 | 68.00 | OK | |
r-oldrel-macos-arm64 | 2.1.2 | 28.00 | OK | |||
r-oldrel-macos-x86_64 | 2.1.2 | 27.00 | OK | |||
r-oldrel-windows-ix86+x86_64 | 2.1.2 | 5.00 | 55.00 | 60.00 | NOTE |
Version: 2.1.2
Check: R code for possible problems
Result: NOTE
Initiating curl with CURL_SSL_BACKEND: openssl
Flavor: r-oldrel-windows-ix86+x86_64