Last updated on 2022-06-28 15:53:27 CEST.
Flavor | Version | Tinstall | Tcheck | Ttotal | Status | Flags |
---|---|---|---|---|---|---|
r-devel-linux-x86_64-debian-clang | 1.3.13 | 53.42 | 256.91 | 310.33 | OK | |
r-devel-linux-x86_64-debian-gcc | 1.3.13 | 45.52 | 177.63 | 223.15 | OK | |
r-devel-linux-x86_64-fedora-clang | 1.3.13 | 387.98 | OK | |||
r-devel-linux-x86_64-fedora-gcc | 1.3.13 | 390.18 | OK | |||
r-devel-windows-x86_64 | 1.3.13 | 63.00 | 283.00 | 346.00 | OK | |
r-patched-linux-x86_64 | 1.3.13 | 48.50 | 239.73 | 288.23 | OK | |
r-release-linux-x86_64 | 1.3.13 | 46.91 | 240.30 | 287.21 | OK | |
r-release-macos-arm64 | 1.3.13 | 84.00 | OK | |||
r-release-macos-x86_64 | 1.3.13 | 126.00 | OK | |||
r-release-windows-x86_64 | 1.3.13 | 63.00 | 283.00 | 346.00 | OK | |
r-oldrel-macos-arm64 | 1.3.13 | 84.00 | NOTE | |||
r-oldrel-macos-x86_64 | 1.3.13 | 146.00 | OK | |||
r-oldrel-windows-ix86+x86_64 | 1.3.13 | 132.00 | 328.00 | 460.00 | OK |
Version: 1.3.13
Check: installed package size
Result: NOTE
installed size is 5.7Mb
sub-directories of 1Mb or more:
libs 5.0Mb
Flavor: r-oldrel-macos-arm64