CRAN Package Check Results for Package rusk

Last updated on 2021-10-16 15:50:59 CEST.

Flavor Version Tinstall Tcheck Ttotal Status Flags
r-devel-linux-x86_64-debian-clang 0.1.1 5.51 52.35 57.86 NOTE
r-devel-linux-x86_64-debian-gcc 0.1.1 4.40 39.63 44.03 NOTE
r-devel-linux-x86_64-fedora-clang 0.1.1 77.75 NOTE
r-devel-linux-x86_64-fedora-gcc 0.1.1 66.19 NOTE
r-devel-windows-x86_64 0.1.1 10.00 56.00 66.00 NOTE
r-devel-windows-x86_64-gcc10-UCRT 0.1.1 NOTE
r-patched-linux-x86_64 0.1.1 4.84 49.47 54.31 NOTE
r-patched-solaris-x86 0.1.1 101.80 NOTE
r-release-linux-x86_64 0.1.1 5.63 49.34 54.97 NOTE
r-release-macos-arm64 0.1.1 NOTE
r-release-macos-x86_64 0.1.1 NOTE
r-release-windows-ix86+x86_64 0.1.1 15.00 74.00 89.00 NOTE
r-oldrel-macos-x86_64 0.1.1 OK
r-oldrel-windows-ix86+x86_64 0.1.1 16.00 75.00 91.00 OK

Check Details

Version: 0.1.1
Check: LazyData
Result: NOTE
     'LazyData' is specified without a 'data' directory
Flavors: r-devel-linux-x86_64-debian-clang, r-devel-linux-x86_64-debian-gcc, r-devel-linux-x86_64-fedora-clang, r-devel-linux-x86_64-fedora-gcc, r-devel-windows-x86_64, r-devel-windows-x86_64-gcc10-UCRT, r-patched-linux-x86_64, r-patched-solaris-x86, r-release-linux-x86_64, r-release-macos-arm64, r-release-macos-x86_64, r-release-windows-ix86+x86_64