CRAN Package Check Results for Package ruminate

Last updated on 2024-07-21 15:53:44 CEST.

Flavor Version Tinstall Tcheck Ttotal Status Flags
r-devel-linux-x86_64-debian-clang 0.2.4 20.04 258.72 278.76 OK
r-devel-linux-x86_64-debian-gcc 0.2.4 13.20 192.30 205.50 NOTE
r-devel-linux-x86_64-fedora-clang 0.2.4 333.55 OK
r-devel-linux-x86_64-fedora-gcc 0.2.4 334.99 OK
r-devel-windows-x86_64 0.2.4 15.00 192.00 207.00 NOTE
r-patched-linux-x86_64 0.2.4 20.00 242.02 262.02 OK
r-release-linux-x86_64 0.2.4 13.87 245.17 259.04 OK
r-release-macos-arm64 0.2.4 123.00 OK
r-release-macos-x86_64 0.2.4 220.00 OK
r-release-windows-x86_64 0.2.4 16.00 198.00 214.00 OK
r-oldrel-macos-arm64 0.2.4 111.00 OK
r-oldrel-macos-x86_64 0.2.4 225.00 OK
r-oldrel-windows-x86_64 0.2.4 22.00 252.00 274.00 OK

Check Details

Version: 0.2.4
Check: Rd cross-references
Result: NOTE Found the following Rd file(s) with Rd \link{} targets missing package anchors: NCA_append_report.Rd: FM_generate_report Please provide package anchors for all Rd \link{} targets not in the package itself and the base packages. Flavors: r-devel-linux-x86_64-debian-gcc, r-devel-windows-x86_64