CRAN Package Check Results for Package rtsplot

Last updated on 2024-07-24 15:51:48 CEST.

Flavor Version Tinstall Tcheck Ttotal Status Flags
r-devel-linux-x86_64-debian-clang 0.1.5 3.03 29.32 32.35 OK
r-devel-linux-x86_64-debian-gcc 0.1.5 1.81 22.21 24.02 NOTE
r-devel-linux-x86_64-fedora-clang 0.1.5 40.28 OK
r-devel-linux-x86_64-fedora-gcc 0.1.5 37.80 OK
r-devel-windows-x86_64 0.1.5 5.00 47.00 52.00 NOTE
r-patched-linux-x86_64 0.1.5 6.22 27.52 33.74 OK
r-release-linux-x86_64 0.1.5 2.48 27.90 30.38 OK
r-release-macos-arm64 0.1.5 17.00 OK
r-release-macos-x86_64 0.1.5 28.00 OK
r-release-windows-x86_64 0.1.5 4.00 45.00 49.00 OK
r-oldrel-macos-arm64 0.1.5 20.00 OK
r-oldrel-macos-x86_64 0.1.5 37.00 OK
r-oldrel-windows-x86_64 0.1.5 5.00 47.00 52.00 OK

Check Details

Version: 0.1.5
Check: Rd cross-references
Result: NOTE Found the following Rd file(s) with Rd \link{} targets missing package anchors: Colors.Rd: xts rtsplot.Rd: xts rtsplot.candle.Rd: xts rtsplot.fake.stock.data.Rd: xts rtsplot.hl.Rd: xts rtsplot.lines.Rd: xts rtsplot.matplot.Rd: xts rtsplot.ohlc.Rd: xts rtsplot.polygon.Rd: xts rtsplot.scale.volume.Rd: xts rtsplot.text.Rd: xts rtsplot.volume.Rd: xts rtsplot.x.highlight.Rd: xts rtsplot2Y.Rd: xts Please provide package anchors for all Rd \link{} targets not in the package itself and the base packages. Flavors: r-devel-linux-x86_64-debian-gcc, r-devel-windows-x86_64