CRAN Package Check Results for Package rtmpt

Last updated on 2022-01-22 03:56:56 CET.

Flavor Version Tinstall Tcheck Ttotal Status Flags
r-devel-linux-x86_64-debian-clang 0.2-3 36.02 96.72 132.74 OK
r-devel-linux-x86_64-debian-gcc 0.2-3 25.57 71.55 97.12 OK
r-devel-linux-x86_64-fedora-clang 0.2-3 181.56 OK
r-devel-linux-x86_64-fedora-gcc 0.2-3 147.31 OK
r-devel-windows-x86_64-new-UL 0.2-3 77.00 146.00 223.00 OK
r-devel-windows-x86_64-new-TK 0.2-3 OK
r-patched-linux-x86_64 0.2-3 31.03 90.97 122.00 OK
r-release-linux-x86_64 0.2-3 27.69 89.31 117.00 OK
r-release-macos-arm64 0.2-3 NOTE
r-release-macos-x86_64 0.2-3 NOTE
r-release-windows-ix86+x86_64 0.2-3 92.00 148.00 240.00 OK
r-oldrel-macos-x86_64 0.2-3 NOTE
r-oldrel-windows-ix86+x86_64 0.2-3 91.00 143.00 234.00 OK

Check Details

Version: 0.2-3
Check: installed package size
Result: NOTE
     installed size is 5.5Mb
     sub-directories of 1Mb or more:
     libs 4.3Mb
Flavors: r-release-macos-arm64, r-release-macos-x86_64, r-oldrel-macos-x86_64