CRAN Package Check Results for Package rties

Last updated on 2021-12-05 15:48:54 CET.

Flavor Version Tinstall Tcheck Ttotal Status Flags
r-devel-linux-x86_64-debian-clang 5.0.0 7.95 213.79 221.74 OK
r-devel-linux-x86_64-debian-gcc 5.0.0 5.83 162.09 167.92 OK
r-devel-linux-x86_64-fedora-clang 5.0.0 259.87 NOTE
r-devel-linux-x86_64-fedora-gcc 5.0.0 257.09 NOTE
r-devel-windows-x86_64-new-UL 5.0.0 20.00 283.00 303.00 OK
r-devel-windows-x86_64-new-TK 5.0.0 NOTE
r-devel-windows-x86_64-old 5.0.0 14.00 196.00 210.00 OK
r-patched-linux-x86_64 5.0.0 8.41 198.27 206.68 OK
r-release-linux-x86_64 5.0.0 7.01 206.14 213.15 OK
r-release-macos-arm64 5.0.0 NOTE
r-release-macos-x86_64 5.0.0 NOTE
r-release-windows-ix86+x86_64 5.0.0 18.00 253.00 271.00 OK
r-oldrel-macos-x86_64 5.0.0 NOTE
r-oldrel-windows-ix86+x86_64 5.0.0 18.00 252.00 270.00 OK

Check Details

Version: 5.0.0
Check: dependencies in R code
Result: NOTE
    Namespaces in Imports field not imported from:
     ‘DescTools’ ‘MASS’ ‘gridExtra’
     All declared Imports should be used.
Flavors: r-devel-linux-x86_64-fedora-clang, r-devel-linux-x86_64-fedora-gcc, r-devel-windows-x86_64-new-TK, r-release-macos-arm64, r-release-macos-x86_64, r-oldrel-macos-x86_64