Last updated on 2023-09-28 15:58:32 CEST.
Flavor | Version | Tinstall | Tcheck | Ttotal | Status | Flags |
---|---|---|---|---|---|---|
r-devel-linux-x86_64-debian-clang | 2.4.0 | 3.79 | 32.04 | 35.83 | OK | |
r-devel-linux-x86_64-debian-gcc | 2.5.0 | 2.32 | 24.20 | 26.52 | OK | |
r-devel-linux-x86_64-fedora-clang | 2.5.0 | 47.64 | OK | |||
r-devel-linux-x86_64-fedora-gcc | 2.5.0 | 56.30 | OK | |||
r-devel-windows-x86_64 | 2.5.0 | 35.00 | 243.00 | 278.00 | NOTE | |
r-patched-linux-x86_64 | 2.5.0 | 3.75 | 30.92 | 34.67 | OK | |
r-release-linux-x86_64 | 2.4.0 | 3.69 | 30.88 | 34.57 | OK | |
r-release-macos-arm64 | 2.5.0 | 149.00 | NOTE | |||
r-release-macos-x86_64 | 2.5.0 | 105.00 | NOTE | |||
r-release-windows-x86_64 | 2.5.0 | 33.00 | 241.00 | 274.00 | NOTE | |
r-oldrel-macos-arm64 | 2.5.0 | 61.00 | NOTE | |||
r-oldrel-macos-x86_64 | 2.5.0 | 671.00 | NOTE | |||
r-oldrel-windows-x86_64 | 2.5.0 | 30.00 | 191.00 | 221.00 | NOTE |
Version: 2.5.0
Check: installed package size
Result: NOTE
installed size is 18.4Mb
sub-directories of 1Mb or more:
libs 17.9Mb
Flavors: r-devel-windows-x86_64, r-release-macos-arm64, r-release-macos-x86_64, r-release-windows-x86_64, r-oldrel-macos-arm64, r-oldrel-macos-x86_64, r-oldrel-windows-x86_64