CRAN Package Check Results for Package rsvg

Last updated on 2021-12-08 03:58:32 CET.

Flavor Version Tinstall Tcheck Ttotal Status Flags
r-devel-linux-x86_64-debian-clang 2.1.2 2.91 37.72 40.63 OK
r-devel-linux-x86_64-debian-gcc 2.1.2 1.96 29.55 31.51 OK
r-devel-linux-x86_64-fedora-clang 2.1.2 52.71 OK
r-devel-linux-x86_64-fedora-gcc 2.1.2 40.50 OK
r-devel-windows-x86_64-new-UL 2.1.2 25.00 229.00 254.00 NOTE
r-devel-windows-x86_64-new-TK 2.1.2 OK
r-devel-windows-x86_64-old 2.1.2 20.00 109.00 129.00 NOTE
r-patched-linux-x86_64 2.1.2 2.74 36.06 38.80 OK
r-release-linux-x86_64 2.1.2 2.74 35.32 38.06 OK
r-release-macos-arm64 2.1.2 NOTE
r-release-macos-x86_64 2.1.2 NOTE
r-release-windows-ix86+x86_64 2.1.2 27.00 193.00 220.00 NOTE
r-oldrel-macos-x86_64 2.1.2 NOTE
r-oldrel-windows-ix86+x86_64 2.1.2 38.00 191.00 229.00 NOTE

Check Details

Version: 2.1.2
Check: installed package size
Result: NOTE
     installed size is 15.2Mb
     sub-directories of 1Mb or more:
     libs 14.9Mb
Flavors: r-devel-windows-x86_64-new-UL, r-devel-windows-x86_64-old, r-release-macos-arm64, r-release-macos-x86_64, r-release-windows-ix86+x86_64, r-oldrel-macos-x86_64, r-oldrel-windows-ix86+x86_64