CRAN Package Check Results for Package rstpm2

Last updated on 2024-07-19 16:57:34 CEST.

Flavor Version Tinstall Tcheck Ttotal Status Flags
r-devel-linux-x86_64-debian-clang 1.6.3 320.18 201.54 521.72 OK
r-devel-linux-x86_64-debian-gcc 1.6.3 177.15 149.89 327.04 OK
r-devel-linux-x86_64-fedora-clang 1.6.3 656.98 NOTE
r-devel-linux-x86_64-fedora-gcc 1.6.3 658.52 OK
r-devel-windows-x86_64 1.6.3 200.00 239.00 439.00 NOTE
r-patched-linux-x86_64 1.6.3 249.68 195.40 445.08 OK
r-release-linux-x86_64 1.6.3 266.95 196.76 463.71 OK
r-release-macos-arm64 1.6.3 169.00 NOTE
r-release-macos-x86_64 1.6.3 204.00 NOTE
r-release-windows-x86_64 1.6.3 225.00 242.00 467.00 NOTE
r-oldrel-macos-arm64 1.6.3 170.00 NOTE
r-oldrel-macos-x86_64 1.6.3 291.00 NOTE
r-oldrel-windows-x86_64 1.6.3 278.00 270.00 548.00 NOTE

Additional issues

rcnst

Check Details

Version: 1.6.3
Check: installed package size
Result: NOTE installed size is 18.2Mb sub-directories of 1Mb or more: libs 2.2Mb Flavors: r-devel-linux-x86_64-fedora-clang, r-devel-windows-x86_64, r-release-macos-arm64, r-release-macos-x86_64, r-release-windows-x86_64, r-oldrel-macos-arm64, r-oldrel-macos-x86_64, r-oldrel-windows-x86_64

Version: 1.6.3
Check: Rd cross-references
Result: NOTE Found the following Rd file(s) with Rd \link{} targets missing package anchors: aft-class.Rd: mle2-class aft.Rd: Surv, mle2, survreg, coxph cox.tvc.Rd: coxph, cox.zph gsm.Rd: Surv, mle2 markov_msm.Rd: lsode, ode pstpm2-class.Rd: mle2-class stpm2-class.Rd: mle2-class tvcCoxph-class.Rd: mle2-class Please provide package anchors for all Rd \link{} targets not in the package itself and the base packages. Flavor: r-devel-windows-x86_64