CRAN Package Check Results for Package rstan

Last updated on 2021-10-23 14:58:15 CEST.

Flavor Version Tinstall Tcheck Ttotal Status Flags
r-devel-linux-x86_64-debian-clang 2.21.2 698.88 350.79 1049.67 NOTE
r-devel-linux-x86_64-debian-gcc 2.21.2 721.82 296.02 1017.84 NOTE
r-devel-linux-x86_64-fedora-clang 2.21.2 1582.03 NOTE
r-devel-linux-x86_64-fedora-gcc 2.21.2 1841.02 NOTE
r-devel-windows-x86_64 2.21.2 976.00 384.00 1360.00 NOTE
r-devel-windows-x86_64-gcc10-UCRT 2.21.2 NOTE
r-patched-linux-x86_64 2.21.2 841.57 454.18 1295.75 NOTE
r-patched-solaris-x86 2.21.2 1722.80 NOTE
r-release-linux-x86_64 2.21.2 827.58 455.51 1283.09 NOTE
r-release-macos-arm64 2.21.2 FAIL
r-release-macos-x86_64 2.21.2 NOTE
r-release-windows-ix86+x86_64 2.21.2 1410.00 627.00 2037.00 NOTE
r-oldrel-macos-x86_64 2.21.2 NOTE
r-oldrel-windows-ix86+x86_64 2.21.2 2000.00 601.00 2601.00 NOTE

Check Details

Version: 2.21.2
Check: for GNU extensions in Makefiles
Result: NOTE
    GNU make is a SystemRequirements.
Flavors: r-devel-linux-x86_64-debian-clang, r-devel-linux-x86_64-debian-gcc, r-devel-linux-x86_64-fedora-clang, r-devel-linux-x86_64-fedora-gcc, r-devel-windows-x86_64, r-devel-windows-x86_64-gcc10-UCRT, r-patched-linux-x86_64, r-patched-solaris-x86, r-release-linux-x86_64, r-release-windows-ix86+x86_64, r-oldrel-windows-ix86+x86_64

Version: 2.21.2
Check: installed package size
Result: NOTE
     installed size is 193.9Mb
     sub-directories of 1Mb or more:
     lib 27.7Mb
     libs 163.4Mb
Flavors: r-devel-linux-x86_64-fedora-clang, r-devel-windows-x86_64, r-patched-solaris-x86, r-release-macos-arm64, r-release-macos-x86_64, r-release-windows-ix86+x86_64, r-oldrel-macos-x86_64, r-oldrel-windows-ix86+x86_64

Version: 2.21.2
Check: Rd cross-references
Result: NOTE
    Undeclared packages ‘coda’, ‘rstanarm’ in Rd xrefs
Flavor: r-devel-linux-x86_64-fedora-clang

Version: 2.21.2
Check: whether the namespace can be unloaded cleanly
Result: FAIL
Flavor: r-release-macos-arm64