CRAN Package Check Results for Package rsq

Last updated on 2022-01-28 15:53:25 CET.

Flavor Version Tinstall Tcheck Ttotal Status Flags
r-devel-linux-x86_64-debian-clang 2.2 7.63 102.27 109.90 OK
r-devel-linux-x86_64-debian-gcc 2.2 7.68 77.04 84.72 OK
r-devel-linux-x86_64-fedora-clang 2.2 130.61 OK
r-devel-linux-x86_64-fedora-gcc 2.2 125.05 OK
r-devel-windows-x86_64-new-UL 2.2 26.00 123.00 149.00 OK
r-devel-windows-x86_64-new-TK 2.2 ERROR
r-patched-linux-x86_64 2.2 11.98 95.71 107.69 OK
r-release-linux-x86_64 2.2 8.79 94.24 103.03 OK
r-release-macos-arm64 2.2 OK
r-release-macos-x86_64 2.2 OK
r-release-windows-ix86+x86_64 2.2 20.00 114.00 134.00 OK
r-oldrel-macos-x86_64 2.2 OK
r-oldrel-windows-ix86+x86_64 2.2 20.00 112.00 132.00 OK

Check Details

Version: 2.2
Check: package dependencies
Result: ERROR
    Package required but not available: 'lme4'
    
    See section 'The DESCRIPTION file' in the 'Writing R Extensions'
    manual.
Flavor: r-devel-windows-x86_64-new-TK