CRAN Package Check Results for Package rsolr

Last updated on 2024-07-17 04:50:06 CEST.

Flavor Version Tinstall Tcheck Ttotal Status Flags
r-devel-linux-x86_64-debian-clang 0.0.13 42.50 172.99 215.49 OK --no-tests
r-devel-linux-x86_64-debian-gcc 0.0.13 28.92 129.31 158.23 OK --no-tests
r-devel-linux-x86_64-fedora-clang 0.0.13 269.20 OK --no-tests
r-devel-linux-x86_64-fedora-gcc 0.0.13 271.24 OK --no-tests
r-devel-windows-x86_64 0.0.13 31.00 99.00 130.00 OK --no-examples --no-tests --no-vignettes
r-patched-linux-x86_64 0.0.13 33.99 164.82 198.81 OK --no-tests
r-release-linux-x86_64 0.0.13 35.34 167.73 203.07 OK --no-tests
r-release-macos-arm64 0.0.13 118.00 OK
r-release-macos-x86_64 0.0.13 187.00 WARN
r-release-windows-x86_64 0.0.13 31.00 97.00 128.00 OK --no-examples --no-tests --no-vignettes
r-oldrel-macos-arm64 0.0.13 116.00 OK
r-oldrel-macos-x86_64 0.0.13 226.00 OK
r-oldrel-windows-x86_64 0.0.13 43.00 92.00 135.00 OK --no-examples --no-tests --no-vignettes

Additional issues

M1mac

Check Details

Version: 0.0.13
Check: re-building of vignette outputs
Result: WARN Error(s) in re-building vignettes: --- re-building ‘intro.Rnw’ using knitr WARNING: An illegal reflective access operation has occurred WARNING: Illegal reflective access by org.xnio.nio.NioXnio$2 (file:/Users/urbanek/Library/Application%20Support/org.R-project.R/R/rsolr/solr-undertow-1.6.0-with-solr-5.5.0/lib/xnio-nio-3.3.4.Final.jar) to constructor sun.nio.ch.KQueueSelectorProvider() WARNING: Please consider reporting this to the maintainers of org.xnio.nio.NioXnio$2 WARNING: Use --illegal-access=warn to enable warnings of further illegal reflective access operations WARNING: All illegal access operations will be denied in a future release Error: processing vignette 'intro.Rnw' failed with diagnostics: Running 'texi2dvi' on 'intro.tex' failed. LaTeX errors: ! Undefined control sequence. l.123 \hlkwd{library}\hldef {(nycflights13)} ? ! Emergency stop. ! Emergency stop. l.123 End of file on the terminal! ! ==> Fatal error occurred, no output PDF file produced! --- failed re-building ‘intro.Rnw’ SUMMARY: processing the following file failed: ‘intro.Rnw’ Error: Vignette re-building failed. Execution halted Flavor: r-release-macos-x86_64