CRAN Package Check Results for Package rsf

Last updated on 2022-01-27 04:05:35 CET.

Flavor Version Tinstall Tcheck Ttotal Status Flags
r-devel-linux-x86_64-debian-clang 0.2.2 2.04 29.67 31.71 NOTE
r-devel-linux-x86_64-debian-gcc 0.2.2 1.47 23.12 24.59 NOTE
r-devel-linux-x86_64-fedora-clang 0.2.2 41.06 NOTE
r-devel-linux-x86_64-fedora-gcc 0.2.2 29.62 NOTE
r-devel-windows-x86_64-new-UL 0.2.2 15.00 45.00 60.00 NOTE
r-devel-windows-x86_64-new-TK 0.2.2 NOTE
r-patched-linux-x86_64 0.2.2 2.34 28.21 30.55 NOTE
r-release-linux-x86_64 0.2.2 2.32 28.05 30.37 NOTE
r-release-macos-arm64 0.2.2 NOTE
r-release-macos-x86_64 0.2.2 NOTE
r-release-windows-ix86+x86_64 0.2.2 5.00 38.00 43.00 NOTE
r-oldrel-macos-x86_64 0.2.2 OK
r-oldrel-windows-ix86+x86_64 0.2.2 6.00 36.00 42.00 OK

Check Details

Version: 0.2.2
Check: LazyData
Result: NOTE
     'LazyData' is specified without a 'data' directory
Flavors: r-devel-linux-x86_64-debian-clang, r-devel-linux-x86_64-debian-gcc, r-devel-linux-x86_64-fedora-clang, r-devel-linux-x86_64-fedora-gcc, r-devel-windows-x86_64-new-UL, r-devel-windows-x86_64-new-TK, r-patched-linux-x86_64, r-release-linux-x86_64, r-release-macos-arm64, r-release-macos-x86_64, r-release-windows-ix86+x86_64