CRAN Package Check Results for Package rromeo

Last updated on 2021-12-05 03:59:38 CET.

Flavor Version Tinstall Tcheck Ttotal Status Flags
r-devel-linux-x86_64-debian-clang 0.1.1 2.81 40.23 43.04 NOTE
r-devel-linux-x86_64-debian-gcc 0.1.1 2.26 32.09 34.35 NOTE
r-devel-linux-x86_64-fedora-clang 0.1.1 54.25 NOTE
r-devel-linux-x86_64-fedora-gcc 0.1.1 42.88 NOTE
r-devel-windows-x86_64-new-UL 0.1.1 10.00 84.00 94.00 NOTE
r-devel-windows-x86_64-new-TK 0.1.1 NOTE
r-devel-windows-x86_64-old 0.1.1 6.00 41.00 47.00 NOTE
r-patched-linux-x86_64 0.1.1 3.01 32.09 35.10 NOTE
r-release-linux-x86_64 0.1.1 2.43 31.64 34.07 NOTE
r-release-macos-arm64 0.1.1 NOTE
r-release-macos-x86_64 0.1.1 NOTE
r-release-windows-ix86+x86_64 0.1.1 7.00 55.00 62.00 NOTE
r-oldrel-macos-x86_64 0.1.1 OK
r-oldrel-windows-ix86+x86_64 0.1.1 7.00 51.00 58.00 OK

Check Details

Version: 0.1.1
Check: LazyData
Result: NOTE
     'LazyData' is specified without a 'data' directory
Flavors: r-devel-linux-x86_64-debian-clang, r-devel-linux-x86_64-debian-gcc, r-devel-linux-x86_64-fedora-clang, r-devel-linux-x86_64-fedora-gcc, r-devel-windows-x86_64-new-UL, r-devel-windows-x86_64-new-TK, r-devel-windows-x86_64-old, r-patched-linux-x86_64, r-release-linux-x86_64, r-release-macos-arm64, r-release-macos-x86_64, r-release-windows-ix86+x86_64