CRAN Package Check Results for Package rrd

Last updated on 2021-10-24 03:51:22 CEST.

Flavor Version Tinstall Tcheck Ttotal Status Flags
r-devel-linux-x86_64-debian-clang 0.2.2 5.01 32.22 37.23 OK
r-devel-linux-x86_64-debian-gcc 0.2.2 4.09 24.94 29.03 OK
r-devel-linux-x86_64-fedora-clang 0.2.2 54.99 NOTE
r-devel-linux-x86_64-fedora-gcc 0.2.2 43.42 NOTE
r-patched-linux-x86_64 0.2.2 4.55 30.54 35.09 OK
r-release-linux-x86_64 0.2.2 5.22 30.61 35.83 OK
r-release-macos-arm64 0.2.2 ERROR
r-release-macos-x86_64 0.2.2 ERROR
r-oldrel-macos-x86_64 0.2.2 ERROR

Check Details

Version: 0.2.2
Check: installed package size
Result: NOTE
     installed size is 13.1Mb
     sub-directories of 1Mb or more:
     extdata 12.8Mb
Flavor: r-devel-linux-x86_64-fedora-clang

Version: 0.2.2
Check: top-level files
Result: NOTE
    ‘configure’: ‘env bash’ is not portable as bash need not be installed
Flavors: r-devel-linux-x86_64-fedora-clang, r-devel-linux-x86_64-fedora-gcc

Version: 0.2.2
Check: whether package can be installed
Result: ERROR
    Installation failed.
Flavors: r-release-macos-arm64, r-release-macos-x86_64, r-oldrel-macos-x86_64