CRAN Package Check Results for Package rpubs

Last updated on 2021-12-04 03:52:40 CET.

Flavor Version Tinstall Tcheck Ttotal Status Flags
r-devel-linux-x86_64-debian-clang 0.2.2 2.27 26.66 28.93 NOTE
r-devel-linux-x86_64-debian-gcc 0.2.2 1.67 22.02 23.69 NOTE
r-devel-linux-x86_64-fedora-clang 0.2.2 47.28 NOTE
r-devel-linux-x86_64-fedora-gcc 0.2.2 36.20 NOTE
r-devel-windows-x86_64-new-UL 0.2.2 6.00 74.00 80.00 NOTE
r-devel-windows-x86_64-new-TK 0.2.2 NOTE
r-devel-windows-x86_64-old 0.2.2 5.00 41.00 46.00 NOTE
r-patched-linux-x86_64 0.2.2 2.30 25.64 27.94 NOTE
r-release-linux-x86_64 0.2.2 2.28 25.74 28.02 NOTE
r-release-macos-arm64 0.2.2 NOTE
r-release-macos-x86_64 0.2.2 NOTE
r-release-windows-ix86+x86_64 0.2.2 6.00 52.00 58.00 NOTE
r-oldrel-macos-x86_64 0.2.2 OK
r-oldrel-windows-ix86+x86_64 0.2.2 6.00 51.00 57.00 OK

Check Details

Version: 0.2.2
Check: LazyData
Result: NOTE
     'LazyData' is specified without a 'data' directory
Flavors: r-devel-linux-x86_64-debian-clang, r-devel-linux-x86_64-debian-gcc, r-devel-linux-x86_64-fedora-clang, r-devel-linux-x86_64-fedora-gcc, r-devel-windows-x86_64-new-UL, r-devel-windows-x86_64-new-TK, r-devel-windows-x86_64-old, r-patched-linux-x86_64, r-release-linux-x86_64, r-release-macos-arm64, r-release-macos-x86_64, r-release-windows-ix86+x86_64