CRAN Package Check Results for Package rpf

Last updated on 2022-01-26 03:54:33 CET.

Flavor Version Tinstall Tcheck Ttotal Status Flags
r-devel-linux-x86_64-debian-clang 1.0.11 149.00 88.83 237.83 OK
r-devel-linux-x86_64-debian-gcc 1.0.11 112.49 68.57 181.06 OK
r-devel-linux-x86_64-fedora-clang 1.0.11 346.94 NOTE
r-devel-linux-x86_64-fedora-gcc 1.0.11 300.41 OK
r-devel-windows-x86_64-new-UL 1.0.11 167.00 135.00 302.00 OK
r-devel-windows-x86_64-new-TK 1.0.11 OK
r-patched-linux-x86_64 1.0.11 141.85 85.15 227.00 OK
r-release-linux-x86_64 1.0.11 134.79 84.93 219.72 OK
r-release-macos-arm64 1.0.11 NOTE
r-release-macos-x86_64 1.0.11 NOTE
r-release-windows-ix86+x86_64 1.0.11 312.00 147.00 459.00 OK
r-oldrel-macos-x86_64 1.0.11 NOTE
r-oldrel-windows-ix86+x86_64 1.0.11 316.00 146.00 462.00 OK

Check Details

Version: 1.0.11
Check: installed package size
Result: NOTE
     installed size is 21.1Mb
     sub-directories of 1Mb or more:
     libs 20.1Mb
Flavors: r-devel-linux-x86_64-fedora-clang, r-release-macos-arm64, r-release-macos-x86_64, r-oldrel-macos-x86_64