CRAN Package Check Results for Package rotor

Last updated on 2022-01-23 02:56:23 CET.

Flavor Version Tinstall Tcheck Ttotal Status Flags
r-devel-linux-x86_64-debian-clang 0.3.5 6.80 54.29 61.09 NOTE
r-devel-linux-x86_64-debian-gcc 0.3.5 5.42 42.47 47.89 NOTE
r-devel-linux-x86_64-fedora-clang 0.3.5 77.58 NOTE
r-devel-linux-x86_64-fedora-gcc 0.3.5 65.20 NOTE
r-devel-windows-x86_64-new-UL 0.3.5 44.00 84.00 128.00 NOTE
r-devel-windows-x86_64-new-TK 0.3.5 NOTE
r-patched-linux-x86_64 0.3.5 6.61 53.19 59.80 NOTE
r-release-linux-x86_64 0.3.5 6.23 52.33 58.56 NOTE
r-release-macos-arm64 0.3.5 NOTE
r-release-macos-x86_64 0.3.5 NOTE
r-release-windows-ix86+x86_64 0.3.5 14.00 67.00 81.00 NOTE
r-oldrel-macos-x86_64 0.3.5 OK
r-oldrel-windows-ix86+x86_64 0.3.5 13.00 68.00 81.00 OK

Additional issues

M1mac

Check Details

Version: 0.3.5
Check: LazyData
Result: NOTE
     'LazyData' is specified without a 'data' directory
Flavors: r-devel-linux-x86_64-debian-clang, r-devel-linux-x86_64-debian-gcc, r-devel-linux-x86_64-fedora-clang, r-devel-linux-x86_64-fedora-gcc, r-devel-windows-x86_64-new-UL, r-devel-windows-x86_64-new-TK, r-patched-linux-x86_64, r-release-linux-x86_64, r-release-macos-arm64, r-release-macos-x86_64, r-release-windows-ix86+x86_64