CRAN Package Check Results for Package roptim

Last updated on 2022-01-19 04:48:35 CET.

Flavor Version Tinstall Tcheck Ttotal Status Flags
r-devel-linux-x86_64-debian-clang 0.1.5 30.76 36.80 67.56 NOTE
r-devel-linux-x86_64-debian-gcc 0.1.5 27.50 29.42 56.92 NOTE
r-devel-linux-x86_64-fedora-clang 0.1.5 103.52 NOTE
r-devel-linux-x86_64-fedora-gcc 0.1.5 84.00 NOTE
r-devel-windows-x86_64-new-UL 0.1.5 46.00 80.00 126.00 NOTE
r-devel-windows-x86_64-new-TK 0.1.5 NOTE
r-patched-linux-x86_64 0.1.5 31.81 35.66 67.47 NOTE
r-release-linux-x86_64 0.1.5 NOTE
r-release-macos-arm64 0.1.5 NOTE
r-release-macos-x86_64 0.1.5 NOTE
r-release-windows-ix86+x86_64 0.1.5 81.00 79.00 160.00 NOTE
r-oldrel-macos-x86_64 0.1.5 OK
r-oldrel-windows-ix86+x86_64 0.1.5 82.00 73.00 155.00 OK

Check Details

Version: 0.1.5
Check: LazyData
Result: NOTE
     'LazyData' is specified without a 'data' directory
Flavors: r-devel-linux-x86_64-debian-clang, r-devel-linux-x86_64-debian-gcc, r-devel-linux-x86_64-fedora-clang, r-devel-linux-x86_64-fedora-gcc, r-devel-windows-x86_64-new-UL, r-devel-windows-x86_64-new-TK, r-patched-linux-x86_64, r-release-linux-x86_64, r-release-macos-arm64, r-release-macos-x86_64, r-release-windows-ix86+x86_64