CRAN Package Check Results for Package roll

Last updated on 2022-06-28 15:53:27 CEST.

Flavor Version Tinstall Tcheck Ttotal Status Flags
r-devel-linux-x86_64-debian-clang 1.1.6 54.38 31.33 85.71 NOTE
r-devel-linux-x86_64-debian-gcc 1.1.6 53.44 24.79 78.23 NOTE
r-devel-linux-x86_64-fedora-clang 1.1.6 139.17 NOTE
r-devel-linux-x86_64-fedora-gcc 1.1.6 139.74 NOTE
r-devel-windows-x86_64 1.1.6 55.00 81.00 136.00 NOTE
r-patched-linux-x86_64 1.1.6 58.29 30.49 88.78 NOTE
r-release-linux-x86_64 1.1.6 54.01 30.37 84.38 NOTE
r-release-macos-arm64 1.1.6 37.00 NOTE
r-release-macos-x86_64 1.1.6 47.00 NOTE
r-release-windows-x86_64 1.1.6 54.00 85.00 139.00 NOTE
r-oldrel-macos-arm64 1.1.6 41.00 NOTE
r-oldrel-macos-x86_64 1.1.6 75.00 NOTE
r-oldrel-windows-ix86+x86_64 1.1.6 140.00 89.00 229.00 NOTE

Check Details

Version: 1.1.6
Check: for GNU extensions in Makefiles
Result: NOTE
    GNU make is a SystemRequirements.
Flavors: r-devel-linux-x86_64-debian-clang, r-devel-linux-x86_64-debian-gcc, r-devel-linux-x86_64-fedora-clang, r-devel-linux-x86_64-fedora-gcc, r-devel-windows-x86_64, r-patched-linux-x86_64, r-release-linux-x86_64, r-release-macos-arm64, r-release-macos-x86_64, r-release-windows-x86_64, r-oldrel-macos-arm64, r-oldrel-macos-x86_64, r-oldrel-windows-ix86+x86_64

Version: 1.1.6
Check: installed package size
Result: NOTE
     installed size is 5.5Mb
     sub-directories of 1Mb or more:
     libs 5.3Mb
Flavors: r-release-macos-arm64, r-release-macos-x86_64, r-oldrel-macos-arm64, r-oldrel-macos-x86_64