CRAN Package Check Results for Package rockr

Last updated on 2024-07-19 03:57:30 CEST.

Flavor Version Tinstall Tcheck Ttotal Status Flags
r-devel-linux-x86_64-debian-clang 1.0.0 2.38 34.42 36.80 NOTE
r-devel-linux-x86_64-debian-gcc 1.0.0 2.38 25.64 28.02 NOTE
r-devel-linux-x86_64-fedora-clang 1.0.0 46.68 NOTE
r-devel-linux-x86_64-fedora-gcc 1.0.0 43.98 NOTE
r-devel-windows-x86_64 1.0.0 5.00 55.00 60.00 NOTE
r-patched-linux-x86_64 1.0.0 3.48 33.03 36.51 NOTE
r-release-linux-x86_64 1.0.0 2.90 32.05 34.95 NOTE
r-release-macos-arm64 1.0.0 18.00 NOTE
r-release-macos-x86_64 1.0.0 27.00 NOTE
r-release-windows-x86_64 1.0.0 5.00 54.00 59.00 NOTE
r-oldrel-macos-arm64 1.0.0 20.00 NOTE
r-oldrel-macos-x86_64 1.0.0 25.00 NOTE
r-oldrel-windows-x86_64 1.0.0 5.00 58.00 63.00 NOTE

Check Details

Version: 1.0.0
Check: LazyData
Result: NOTE 'LazyData' is specified without a 'data' directory Flavors: r-devel-linux-x86_64-debian-clang, r-devel-linux-x86_64-debian-gcc, r-devel-linux-x86_64-fedora-clang, r-devel-linux-x86_64-fedora-gcc, r-devel-windows-x86_64, r-patched-linux-x86_64, r-release-linux-x86_64, r-release-macos-arm64, r-release-macos-x86_64, r-release-windows-x86_64, r-oldrel-macos-arm64, r-oldrel-macos-x86_64, r-oldrel-windows-x86_64

Version: 1.0.0
Check: dependencies in R code
Result: NOTE Namespace in Imports field not imported from: ‘progress’ All declared Imports should be used. Flavors: r-devel-linux-x86_64-fedora-clang, r-devel-linux-x86_64-fedora-gcc