CRAN Package Check Results for Package robustlm

Last updated on 2023-02-01 15:51:36 CET.

Flavor Version Tinstall Tcheck Ttotal Status Flags
r-devel-linux-x86_64-debian-clang 0.1.0 2.83 33.40 36.23 NOTE
r-devel-linux-x86_64-debian-gcc 0.1.0 2.06 25.08 27.14 NOTE
r-devel-linux-x86_64-fedora-clang 0.1.0 45.23 NOTE
r-devel-linux-x86_64-fedora-gcc 0.1.0 58.24 NOTE
r-devel-windows-x86_64 0.1.0 14.00 63.00 77.00 NOTE
r-patched-linux-x86_64 0.1.0 2.45 33.18 35.63 NOTE
r-release-linux-x86_64 0.1.0 2.57 33.31 35.88 NOTE
r-release-macos-arm64 0.1.0 16.00 NOTE
r-release-macos-x86_64 0.1.0 25.00 NOTE
r-release-windows-x86_64 0.1.0 18.00 65.00 83.00 NOTE
r-oldrel-macos-arm64 0.1.0 20.00 NOTE
r-oldrel-macos-x86_64 0.1.0 36.00 NOTE
r-oldrel-windows-ix86+x86_64 0.1.0 5.00 58.00 63.00 NOTE

Check Details

Version: 0.1.0
Check: LazyData
Result: NOTE
     'LazyData' is specified without a 'data' directory
Flavors: r-devel-linux-x86_64-debian-clang, r-devel-linux-x86_64-debian-gcc, r-devel-linux-x86_64-fedora-clang, r-devel-linux-x86_64-fedora-gcc, r-devel-windows-x86_64, r-patched-linux-x86_64, r-release-linux-x86_64, r-release-macos-arm64, r-release-macos-x86_64, r-release-windows-x86_64, r-oldrel-macos-arm64, r-oldrel-macos-x86_64, r-oldrel-windows-ix86+x86_64