CRAN Package Check Results for Package robumeta

Last updated on 2021-12-07 16:49:46 CET.

Flavor Version Tinstall Tcheck Ttotal Status Flags
r-devel-linux-x86_64-debian-clang 2.0 3.33 38.44 41.77 OK
r-devel-linux-x86_64-debian-gcc 2.0 2.75 30.44 33.19 OK
r-devel-linux-x86_64-fedora-clang 2.0 53.17 NOTE
r-devel-linux-x86_64-fedora-gcc 2.0 41.60 NOTE
r-devel-windows-x86_64-new-UL 2.0 12.00 64.00 76.00 OK
r-devel-windows-x86_64-new-TK 2.0 NOTE
r-devel-windows-x86_64-old 2.0 7.00 38.00 45.00 OK
r-patched-linux-x86_64 2.0 2.88 36.99 39.87 OK
r-release-linux-x86_64 2.0 3.38 36.82 40.20 OK
r-release-macos-arm64 2.0 NOTE
r-release-macos-x86_64 2.0 NOTE
r-release-windows-ix86+x86_64 2.0 7.00 45.00 52.00 OK
r-oldrel-macos-x86_64 2.0 NOTE
r-oldrel-windows-ix86+x86_64 2.0 9.00 46.00 55.00 OK

Check Details

Version: 2.0
Check: data for non-ASCII characters
Result: NOTE
     Note: found 6 marked UTF-8 strings
Flavors: r-devel-linux-x86_64-fedora-clang, r-devel-linux-x86_64-fedora-gcc, r-devel-windows-x86_64-new-TK, r-release-macos-arm64, r-release-macos-x86_64, r-oldrel-macos-x86_64