Last updated on 2023-01-29 03:55:25 CET.
Flavor | Version | Tinstall | Tcheck | Ttotal | Status | Flags |
---|---|---|---|---|---|---|
r-devel-linux-x86_64-debian-clang | 4.1.3 | 24.65 | 100.14 | 124.79 | OK | |
r-devel-linux-x86_64-debian-gcc | 4.1.3 | 17.35 | 73.15 | 90.50 | NOTE | |
r-devel-linux-x86_64-fedora-clang | 4.1.3 | 160.93 | NOTE | |||
r-devel-linux-x86_64-fedora-gcc | 4.1.3 | 157.49 | NOTE | |||
r-patched-linux-x86_64 | 4.1.3 | 20.37 | 93.73 | 114.10 | OK | |
r-release-linux-x86_64 | 4.1.3 | 16.24 | 94.80 | 111.04 | OK | |
r-release-macos-arm64 | 4.1.3 | 44.00 | OK | |||
r-release-macos-x86_64 | 4.1.3 | 54.00 | OK | |||
r-release-windows-x86_64 | 4.1.3 | 57.00 | 151.00 | 208.00 | OK | |
r-oldrel-macos-arm64 | 4.1.3 | 46.00 | OK | |||
r-oldrel-macos-x86_64 | 4.1.3 | 56.00 | OK | |||
r-oldrel-windows-ix86+x86_64 | 4.1.3 | 53.00 | 174.00 | 227.00 | OK |
Version: 4.1.3
Check: C++ specification
Result: NOTE
Specified C++11: please update to current default of C++17
Flavors: r-devel-linux-x86_64-debian-gcc, r-devel-linux-x86_64-fedora-clang, r-devel-linux-x86_64-fedora-gcc