CRAN Package Check Results for Package rnrfa

Last updated on 2021-10-17 15:49:10 CEST.

Flavor Version Tinstall Tcheck Ttotal Status Flags
r-devel-linux-x86_64-debian-clang 2.0.4 8.21 89.92 98.13 NOTE
r-devel-linux-x86_64-debian-gcc 2.0.4 6.81 69.53 76.34 NOTE
r-devel-linux-x86_64-fedora-clang 2.0.4 128.88 NOTE
r-devel-linux-x86_64-fedora-gcc 2.0.4 117.15 NOTE
r-devel-windows-x86_64 2.0.4 13.00 110.00 123.00 NOTE
r-devel-windows-x86_64-gcc10-UCRT 2.0.4 NOTE
r-patched-linux-x86_64 2.0.4 9.08 85.92 95.00 NOTE
r-patched-solaris-x86 2.0.4 188.40 NOTE
r-release-linux-x86_64 2.0.4 6.76 85.24 92.00 NOTE
r-release-macos-arm64 2.0.4 NOTE
r-release-macos-x86_64 2.0.4 NOTE
r-release-windows-ix86+x86_64 2.0.4 25.00 133.00 158.00 NOTE
r-oldrel-macos-x86_64 2.0.4 OK
r-oldrel-windows-ix86+x86_64 2.0.4 20.00 133.00 153.00 OK

Check Details

Version: 2.0.4
Check: LazyData
Result: NOTE
     'LazyData' is specified without a 'data' directory
Flavors: r-devel-linux-x86_64-debian-clang, r-devel-linux-x86_64-debian-gcc, r-devel-linux-x86_64-fedora-clang, r-devel-linux-x86_64-fedora-gcc, r-devel-windows-x86_64, r-devel-windows-x86_64-gcc10-UCRT, r-patched-linux-x86_64, r-patched-solaris-x86, r-release-linux-x86_64, r-release-macos-arm64, r-release-macos-x86_64, r-release-windows-ix86+x86_64