CRAN Package Check Results for Package rnr

Last updated on 2024-07-25 15:47:19 CEST.

Flavor Version Tinstall Tcheck Ttotal Status Flags
r-devel-linux-x86_64-debian-clang 0.2.1 2.02 24.94 26.96 NOTE
r-devel-linux-x86_64-debian-gcc 0.2.1 1.60 19.55 21.15 NOTE
r-devel-linux-x86_64-fedora-clang 0.2.1 34.74 NOTE
r-devel-linux-x86_64-fedora-gcc 0.2.1 33.05 NOTE
r-devel-windows-x86_64 0.2.1 4.00 42.00 46.00 NOTE
r-patched-linux-x86_64 0.2.1 NOTE
r-release-linux-x86_64 0.2.1 2.04 24.51 26.55 NOTE
r-release-macos-arm64 0.2.1 16.00 NOTE
r-release-macos-x86_64 0.2.1 23.00 NOTE
r-release-windows-x86_64 0.2.1 2.00 40.00 42.00 NOTE
r-oldrel-macos-arm64 0.2.1 16.00 NOTE
r-oldrel-macos-x86_64 0.2.1 20.00 NOTE
r-oldrel-windows-x86_64 0.2.1 4.00 43.00 47.00 NOTE

Check Details

Version: 0.2.1
Check: LazyData
Result: NOTE 'LazyData' is specified without a 'data' directory Flavors: r-devel-linux-x86_64-debian-clang, r-devel-linux-x86_64-debian-gcc, r-devel-linux-x86_64-fedora-clang, r-devel-linux-x86_64-fedora-gcc, r-devel-windows-x86_64, r-patched-linux-x86_64, r-release-linux-x86_64, r-release-macos-arm64, r-release-macos-x86_64, r-release-windows-x86_64, r-oldrel-macos-arm64, r-oldrel-macos-x86_64, r-oldrel-windows-x86_64