CRAN Package Check Results for Package rmsfuns

Last updated on 2022-01-24 15:54:24 CET.

Flavor Version Tinstall Tcheck Ttotal Status Flags
r-devel-linux-x86_64-debian-clang 1.0.0.1 4.38 56.71 61.09 NOTE
r-devel-linux-x86_64-debian-gcc 1.0.0.1 3.69 43.37 47.06 NOTE
r-devel-linux-x86_64-fedora-clang 1.0.0.1 75.54 NOTE
r-devel-linux-x86_64-fedora-gcc 1.0.0.1 65.58 NOTE
r-devel-windows-x86_64-new-UL 1.0.0.1 17.00 77.00 94.00 NOTE
r-devel-windows-x86_64-new-TK 1.0.0.1 NOTE
r-patched-linux-x86_64 1.0.0.1 4.14 53.03 57.17 NOTE
r-release-linux-x86_64 1.0.0.1 4.21 51.69 55.90 NOTE
r-release-macos-arm64 1.0.0.1 NOTE
r-release-macos-x86_64 1.0.0.1 NOTE
r-release-windows-ix86+x86_64 1.0.0.1 13.00 66.00 79.00 NOTE
r-oldrel-macos-x86_64 1.0.0.1 OK
r-oldrel-windows-ix86+x86_64 1.0.0.1 14.00 67.00 81.00 OK

Check Details

Version: 1.0.0.1
Check: LazyData
Result: NOTE
     'LazyData' is specified without a 'data' directory
Flavors: r-devel-linux-x86_64-debian-clang, r-devel-linux-x86_64-debian-gcc, r-devel-linux-x86_64-fedora-clang, r-devel-linux-x86_64-fedora-gcc, r-devel-windows-x86_64-new-UL, r-devel-windows-x86_64-new-TK, r-patched-linux-x86_64, r-release-linux-x86_64, r-release-macos-arm64, r-release-macos-x86_64, r-release-windows-ix86+x86_64