CRAN Package Check Results for Package rmgarch

Last updated on 2024-07-19 16:57:33 CEST.

Flavor Version Tinstall Tcheck Ttotal Status Flags
r-devel-linux-x86_64-debian-clang 1.3-9 170.41 289.66 460.07 NOTE
r-devel-linux-x86_64-debian-gcc 1.3-9 107.45 209.26 316.71 NOTE
r-devel-linux-x86_64-fedora-clang 1.3-9 603.27 NOTE
r-devel-linux-x86_64-fedora-gcc 1.3-9 590.64 NOTE
r-devel-windows-x86_64 1.3-9 116.00 232.00 348.00 NOTE
r-patched-linux-x86_64 1.3-9 151.27 276.51 427.78 NOTE
r-release-linux-x86_64 1.3-9 148.40 282.29 430.69 NOTE
r-release-macos-arm64 1.3-9 136.00 NOTE
r-release-macos-x86_64 1.3-9 243.00 NOTE
r-release-windows-x86_64 1.3-9 127.00 227.00 354.00 NOTE
r-oldrel-macos-arm64 1.3-9 139.00 NOTE
r-oldrel-macos-x86_64 1.3-9 239.00 NOTE
r-oldrel-windows-x86_64 1.3-9 165.00 287.00 452.00 NOTE

Check Details

Version: 1.3-9
Check: Rd files
Result: NOTE checkRd: (-1) cGARCHfilter-class.Rd:57: Escaped LaTeX specials: \& checkRd: (-1) cGARCHfit-class.Rd:59: Escaped LaTeX specials: \& checkRd: (-1) cGARCHsim-class.Rd:52: Escaped LaTeX specials: \& checkRd: (-1) cGARCHspec-class.Rd:36: Escaped LaTeX specials: \& checkRd: (-1) cgarchsim-methods.Rd:78: Escaped LaTeX specials: \& checkRd: (-1) goGARCHfft-class.Rd:65: Lost braces 65 | code{dfft(object, index=0)} on an object created from a forecast with | ^ checkRd: (-1) goGARCHfilter-class.Rd:155: Escaped LaTeX specials: \& checkRd: (-1) goGARCHfit-class.Rd:166: Escaped LaTeX specials: \& checkRd: (-1) rmgarch-package.Rd:73: Escaped LaTeX specials: \& Flavors: r-devel-linux-x86_64-debian-clang, r-devel-linux-x86_64-debian-gcc, r-devel-linux-x86_64-fedora-clang, r-devel-linux-x86_64-fedora-gcc, r-devel-windows-x86_64, r-patched-linux-x86_64, r-release-linux-x86_64, r-release-macos-arm64, r-release-macos-x86_64, r-release-windows-x86_64

Version: 1.3-9
Check: Rd cross-references
Result: NOTE Found the following Rd file(s) with Rd \link{} targets missing package anchors: DCCfilter-class.Rd: GARCHfilter-class, rGARCH-class DCCfit-class.Rd: GARCHfit-class, rGARCH-class DCCforecast-class.Rd: GARCHforecast-class, rGARCH-class DCCroll-class.Rd: GARCHroll-class, rGARCH-class DCCsim-class.Rd: GARCHsim-class, rGARCH-class DCCspec-class.Rd: GARCHspec-class, rGARCH-class cGARCHfilter-class.Rd: GARCHfilter-class, rGARCH-class cGARCHfit-class.Rd: GARCHfit-class, rGARCH-class cGARCHsim-class.Rd: GARCHsim-class, rGARCH-class cGARCHspec-class.Rd: GARCHspec-class, rGARCH-class cgarchfit-methods.Rd: uGARCHmultifit-class cgarchspec-methods.Rd: uGARCHmultispec-class, multispec dccfit-methods.Rd: uGARCHmultifit-class dccsim-methods.Rd: setfixed<- dccspec-methods.Rd: uGARCHmultispec-class, multispec goGARCHfilter-class.Rd: GARCHfilter-class, rGARCH-class goGARCHfit-class.Rd: GARCHfit-class, rGARCH-class goGARCHforecast-class.Rd: GARCHforecast-class, rGARCH-class goGARCHroll-class.Rd: GARCHroll-class, rGARCH-class goGARCHsim-class.Rd: GARCHsim-class, rGARCH-class goGARCHspec-class.Rd: GARCHspec-class, rGARCH-class mGARCHfilter-class.Rd: GARCHfilter-class, rGARCH-class mGARCHfit-class.Rd: GARCHfit-class, rGARCH-class mGARCHforecast-class.Rd: GARCHforecast-class, rGARCH-class mGARCHroll-class.Rd: GARCHroll-class, rGARCH-class mGARCHsim-class.Rd: GARCHsim-class, rGARCH-class mGARCHspec-class.Rd: GARCHspec-class, rGARCH-class Please provide package anchors for all Rd \link{} targets not in the package itself and the base packages. Flavor: r-devel-windows-x86_64

Version: 1.3-9
Check: installed package size
Result: NOTE installed size is 9.7Mb sub-directories of 1Mb or more: R 3.0Mb libs 5.7Mb Flavors: r-release-macos-arm64, r-release-macos-x86_64, r-oldrel-macos-arm64, r-oldrel-macos-x86_64

Version: 1.3-9
Check: Rd files
Result: NOTE checkRd: (-1) cGARCHfilter-class.Rd:57: Escaped LaTeX specials: \& checkRd: (-1) cGARCHfit-class.Rd:59: Escaped LaTeX specials: \& checkRd: (-1) cGARCHsim-class.Rd:52: Escaped LaTeX specials: \& checkRd: (-1) cGARCHspec-class.Rd:36: Escaped LaTeX specials: \& checkRd: (-1) cgarchsim-methods.Rd:78: Escaped LaTeX specials: \& checkRd: (-1) goGARCHfilter-class.Rd:155: Escaped LaTeX specials: \& checkRd: (-1) goGARCHfit-class.Rd:166: Escaped LaTeX specials: \& checkRd: (-1) rmgarch-package.Rd:73: Escaped LaTeX specials: \& Flavors: r-oldrel-macos-arm64, r-oldrel-macos-x86_64, r-oldrel-windows-x86_64