CRAN Package Check Results for Package rmdplugr

Last updated on 2024-07-18 03:56:45 CEST.

Flavor Version Tinstall Tcheck Ttotal Status Flags
r-devel-linux-x86_64-debian-clang 0.4.1 2.94 37.37 40.31 NOTE
r-devel-linux-x86_64-debian-gcc 0.4.1 2.31 28.48 30.79 NOTE
r-devel-linux-x86_64-fedora-clang 0.4.1 52.04 NOTE
r-devel-linux-x86_64-fedora-gcc 0.4.1 61.34 NOTE
r-devel-windows-x86_64 0.4.1 4.00 62.00 66.00 NOTE
r-patched-linux-x86_64 0.4.1 2.26 35.92 38.18 NOTE
r-release-linux-x86_64 0.4.1 2.71 35.91 38.62 NOTE
r-release-macos-arm64 0.4.1 25.00 NOTE
r-release-macos-x86_64 0.4.1 39.00 NOTE
r-release-windows-x86_64 0.4.1 3.00 63.00 66.00 NOTE
r-oldrel-macos-arm64 0.4.1 28.00 NOTE
r-oldrel-macos-x86_64 0.4.1 38.00 NOTE
r-oldrel-windows-x86_64 0.4.1 5.00 63.00 68.00 NOTE

Check Details

Version: 0.4.1
Check: LazyData
Result: NOTE 'LazyData' is specified without a 'data' directory Flavors: r-devel-linux-x86_64-debian-clang, r-devel-linux-x86_64-debian-gcc, r-devel-linux-x86_64-fedora-clang, r-devel-linux-x86_64-fedora-gcc, r-devel-windows-x86_64, r-patched-linux-x86_64, r-release-linux-x86_64, r-release-macos-arm64, r-release-macos-x86_64, r-release-windows-x86_64, r-oldrel-macos-arm64, r-oldrel-macos-x86_64, r-oldrel-windows-x86_64