CRAN Package Check Results for Package rmdfiltr

Last updated on 2024-07-20 03:49:13 CEST.

Flavor Version Tinstall Tcheck Ttotal Status Flags
r-devel-linux-x86_64-debian-clang 0.1.3 1.43 33.48 34.91 NOTE
r-devel-linux-x86_64-debian-gcc 0.1.3 1.60 26.44 28.04 NOTE
r-devel-linux-x86_64-fedora-clang 0.1.3 47.31 NOTE
r-devel-linux-x86_64-fedora-gcc 0.1.3 57.01 NOTE
r-devel-windows-x86_64 0.1.3 3.00 49.00 52.00 NOTE
r-patched-linux-x86_64 0.1.3 1.84 32.13 33.97 NOTE
r-release-linux-x86_64 0.1.3 1.39 32.24 33.63 NOTE
r-release-macos-arm64 0.1.3 26.00 NOTE
r-release-macos-x86_64 0.1.3 37.00 NOTE
r-release-windows-x86_64 0.1.3 3.00 48.00 51.00 NOTE
r-oldrel-macos-arm64 0.1.3 25.00 NOTE
r-oldrel-macos-x86_64 0.1.3 36.00 NOTE
r-oldrel-windows-x86_64 0.1.3 4.00 50.00 54.00 NOTE

Check Details

Version: 0.1.3
Check: LazyData
Result: NOTE 'LazyData' is specified without a 'data' directory Flavors: r-devel-linux-x86_64-debian-clang, r-devel-linux-x86_64-debian-gcc, r-devel-linux-x86_64-fedora-clang, r-devel-linux-x86_64-fedora-gcc, r-devel-windows-x86_64, r-patched-linux-x86_64, r-release-linux-x86_64, r-release-macos-arm64, r-release-macos-x86_64, r-release-windows-x86_64, r-oldrel-macos-arm64, r-oldrel-macos-x86_64, r-oldrel-windows-x86_64