Last updated on 2025-04-22 15:52:07 CEST.
Flavor | Version | Tinstall | Tcheck | Ttotal | Status | Flags |
---|---|---|---|---|---|---|
r-devel-linux-x86_64-debian-clang | 2.29 | 10.12 | 66.26 | 76.38 | OK | |
r-devel-linux-x86_64-debian-gcc | 2.29 | 8.43 | 47.97 | 56.40 | OK | |
r-devel-linux-x86_64-fedora-clang | 2.29 | 132.94 | OK | |||
r-devel-linux-x86_64-fedora-gcc | 2.29 | 131.94 | OK | |||
r-devel-windows-x86_64 | 2.29 | 14.00 | 92.00 | 106.00 | OK | |
r-patched-linux-x86_64 | 2.29 | 11.77 | 65.52 | 77.29 | OK | |
r-release-linux-x86_64 | 2.29 | 10.59 | 65.10 | 75.69 | OK | |
r-release-macos-arm64 | 2.29 | 58.00 | OK | |||
r-release-macos-x86_64 | 2.29 | 95.00 | OK | |||
r-release-windows-x86_64 | 2.29 | 16.00 | 92.00 | 108.00 | OK | |
r-oldrel-macos-arm64 | 2.29 | 44.00 | NOTE | |||
r-oldrel-macos-x86_64 | 2.29 | 75.00 | NOTE | |||
r-oldrel-windows-x86_64 | 2.29 | 18.00 | 105.00 | 123.00 | NOTE |
Version: 2.29
Check: installed package size
Result: NOTE
installed size is 7.1Mb
sub-directories of 1Mb or more:
rmd 6.0Mb
Flavors: r-oldrel-macos-arm64, r-oldrel-macos-x86_64, r-oldrel-windows-x86_64