CRAN Package Check Results for Package rmarkdown

Last updated on 2022-12-09 04:00:55 CET.

Flavor Version Tinstall Tcheck Ttotal Status Flags
r-devel-linux-x86_64-debian-clang 2.18 12.31 95.99 108.30 OK
r-devel-linux-x86_64-debian-gcc 2.18 10.47 88.13 98.60 OK
r-devel-linux-x86_64-fedora-clang 2.18 148.14 NOTE
r-devel-linux-x86_64-fedora-gcc 2.18 150.39 OK
r-devel-windows-x86_64 2.18 228.00 181.00 409.00 NOTE
r-patched-linux-x86_64 2.18 17.53 83.70 101.23 OK
r-release-linux-x86_64 2.18 13.81 84.46 98.27 OK
r-release-macos-arm64 2.18 51.00 NOTE
r-release-macos-x86_64 2.18 58.00 NOTE
r-release-windows-x86_64 2.18 232.00 118.00 350.00 NOTE
r-oldrel-macos-arm64 2.18 56.00 NOTE
r-oldrel-macos-x86_64 2.18 63.00 NOTE
r-oldrel-windows-ix86+x86_64 2.18 24.00 105.00 129.00 NOTE

Check Details

Version: 2.18
Check: installed package size
Result: NOTE
     installed size is 9.4Mb
     sub-directories of 1Mb or more:
     rmd 8.3Mb
Flavors: r-devel-linux-x86_64-fedora-clang, r-devel-windows-x86_64, r-release-macos-arm64, r-release-macos-x86_64, r-release-windows-x86_64, r-oldrel-macos-arm64, r-oldrel-macos-x86_64, r-oldrel-windows-ix86+x86_64

Version: 2.18
Check: package dependencies
Result: NOTE
    Package suggested but not available for checking: ‘katex’
Flavor: r-release-macos-x86_64