CRAN Package Check Results for Package rkafkajars

Last updated on 2022-01-20 15:57:09 CET.

Flavor Version Tinstall Tcheck Ttotal Status Flags
r-devel-linux-x86_64-debian-clang 1.2 OK
r-devel-linux-x86_64-debian-gcc 1.2 5.80 46.01 51.81 OK
r-devel-linux-x86_64-fedora-clang 1.2 73.57 NOTE
r-devel-linux-x86_64-fedora-gcc 1.2 64.23 OK
r-devel-windows-x86_64-new-UL 1.2 1650.00 62.00 1712.00 NOTE
r-devel-windows-x86_64-new-TK 1.2 OK
r-patched-linux-x86_64 1.2 5.91 56.93 62.84 OK
r-release-linux-x86_64 1.2 6.43 57.07 63.50 OK
r-release-macos-arm64 1.2 NOTE
r-release-macos-x86_64 1.2 NOTE
r-release-windows-ix86+x86_64 1.2 13.00 59.00 72.00 NOTE
r-oldrel-macos-x86_64 1.2 NOTE
r-oldrel-windows-ix86+x86_64 1.2 10.00 68.00 78.00 NOTE

Check Details

Version: 1.2
Check: installed package size
Result: NOTE
     installed size is 12.2Mb
     sub-directories of 1Mb or more:
     java 12.0Mb
Flavors: r-devel-linux-x86_64-fedora-clang, r-devel-windows-x86_64-new-UL, r-release-macos-arm64, r-release-macos-x86_64, r-release-windows-ix86+x86_64, r-oldrel-macos-x86_64, r-oldrel-windows-ix86+x86_64