CRAN Package Check Results for Package riverdist

Last updated on 2021-12-06 15:52:19 CET.

Flavor Version Tinstall Tcheck Ttotal Status Flags
r-devel-linux-x86_64-debian-clang 0.15.4 13.88 153.21 167.09 ERROR
r-devel-linux-x86_64-debian-gcc 0.15.4 11.37 114.43 125.80 ERROR
r-devel-linux-x86_64-fedora-clang 0.15.4 205.65 ERROR
r-devel-linux-x86_64-fedora-gcc 0.15.4 193.23 ERROR
r-devel-windows-x86_64-new-UL 0.15.4 32.00 195.00 227.00 ERROR
r-devel-windows-x86_64-new-TK 0.15.4 ERROR
r-devel-windows-x86_64-old 0.15.4 21.00 145.00 166.00 ERROR
r-patched-linux-x86_64 0.15.4 15.88 137.50 153.38 OK
r-release-linux-x86_64 0.15.4 13.00 147.15 160.15 OK
r-release-macos-arm64 0.15.4 OK
r-release-macos-x86_64 0.15.4 OK
r-release-windows-ix86+x86_64 0.15.4 24.00 177.00 201.00 OK
r-oldrel-macos-x86_64 0.15.4 OK
r-oldrel-windows-ix86+x86_64 0.15.4 23.00 170.00 193.00 OK

Check Details

Version: 0.15.4
Check: tests
Result: ERROR
     Running 'testthat.R' [24s/26s]
    Running the tests in 'tests/testthat.R' failed.
    Complete output:
     > library(testthat)
     > library(riverdist)
     >
     > test_check("riverdist")
     OGR data source with driver: ESRI Shapefile
     Source: "/home/hornik/tmp/R.check/r-devel-clang/Work/build/Packages/riverdist/extdata", layer: "fakefish_UTM5"
     with 100 features
     It has 5 fields
     Integer64 fields read as strings: fish_id flight
    
     Point projection detected as different from river network. Re-projecting points before snapping to river network...
     Units: m
    
     Units: m
     == Failed tests ================================================================
     -- Error (test_riverdist.R:231:3): seqs ----------------------------------------
     Error in `sum(as.vector(ds)[!is.na(as.vector(ds))])`: invalid 'type' (list) of argument
     Backtrace:
     x
     1. \-testthat::expect_equal(...) test_riverdist.R:231:2
     2. \-testthat::quasi_label(enquo(object), label, arg = "object")
     3. \-rlang::eval_bare(expr, quo_get_env(quo))
    
     [ FAIL 1 | WARN 1 | SKIP 0 | PASS 223 ]
     Error: Test failures
     Execution halted
Flavor: r-devel-linux-x86_64-debian-clang

Version: 0.15.4
Check: tests
Result: ERROR
     Running ‘testthat.R’ [16s/26s]
    Running the tests in ‘tests/testthat.R’ failed.
    Complete output:
     > library(testthat)
     > library(riverdist)
     >
     > test_check("riverdist")
     OGR data source with driver: ESRI Shapefile
     Source: "/home/hornik/tmp/R.check/r-devel-gcc/Work/build/Packages/riverdist/extdata", layer: "fakefish_UTM5"
     with 100 features
     It has 5 fields
     Integer64 fields read as strings: fish_id flight
    
     Point projection detected as different from river network. Re-projecting points before snapping to river network...
     Units: m
    
     Units: m
     ══ Failed tests ════════════════════════════════════════════════════════════════
     ── Error (test_riverdist.R:231:3): seqs ────────────────────────────────────────
     Error in `sum(as.vector(ds)[!is.na(as.vector(ds))])`: invalid 'type' (list) of argument
     Backtrace:
     █
     1. └─testthat::expect_equal(...) test_riverdist.R:231:2
     2. └─testthat::quasi_label(enquo(object), label, arg = "object")
     3. └─rlang::eval_bare(expr, quo_get_env(quo))
    
     [ FAIL 1 | WARN 1 | SKIP 0 | PASS 223 ]
     Error: Test failures
     Execution halted
Flavor: r-devel-linux-x86_64-debian-gcc

Version: 0.15.4
Check: tests
Result: ERROR
     Running ‘testthat.R’ [29s/36s]
    Running the tests in ‘tests/testthat.R’ failed.
    Complete output:
     > library(testthat)
     > library(riverdist)
     >
     > test_check("riverdist")
     OGR data source with driver: ESRI Shapefile
     Source: "/data/gannet/ripley/R/packages/tests-clang/riverdist.Rcheck/riverdist/extdata", layer: "fakefish_UTM5"
     with 100 features
     It has 5 fields
     Integer64 fields read as strings: fish_id flight
    
     Point projection detected as different from river network. Re-projecting points before snapping to river network...
     Units: m
    
     Units: m
     ══ Failed tests ════════════════════════════════════════════════════════════════
     ── Error (test_riverdist.R:231:3): seqs ────────────────────────────────────────
     Error in `sum(as.vector(ds)[!is.na(as.vector(ds))])`: invalid 'type' (list) of argument
     Backtrace:
     █
     1. └─testthat::expect_equal(...) test_riverdist.R:231:2
     2. └─testthat::quasi_label(enquo(object), label, arg = "object")
     3. └─rlang::eval_bare(expr, quo_get_env(quo))
    
     [ FAIL 1 | WARN 1 | SKIP 0 | PASS 223 ]
     Error: Test failures
     Execution halted
Flavor: r-devel-linux-x86_64-fedora-clang

Version: 0.15.4
Check: tests
Result: ERROR
     Running ‘testthat.R’ [28s/33s]
    Running the tests in ‘tests/testthat.R’ failed.
    Complete output:
     > library(testthat)
     > library(riverdist)
     >
     > test_check("riverdist")
     OGR data source with driver: ESRI Shapefile
     Source: "/data/gannet/ripley/R/packages/tests-devel/riverdist.Rcheck/riverdist/extdata", layer: "fakefish_UTM5"
     with 100 features
     It has 5 fields
     Integer64 fields read as strings: fish_id flight
    
     Point projection detected as different from river network. Re-projecting points before snapping to river network...
     Units: m
    
     Units: m
     ══ Failed tests ════════════════════════════════════════════════════════════════
     ── Error (test_riverdist.R:231:3): seqs ────────────────────────────────────────
     Error in `sum(as.vector(ds)[!is.na(as.vector(ds))])`: invalid 'type' (list) of argument
     Backtrace:
     █
     1. └─testthat::expect_equal(...) test_riverdist.R:231:2
     2. └─testthat::quasi_label(enquo(object), label, arg = "object")
     3. └─rlang::eval_bare(expr, quo_get_env(quo))
    
     [ FAIL 1 | WARN 1 | SKIP 0 | PASS 223 ]
     Error: Test failures
     Execution halted
Flavor: r-devel-linux-x86_64-fedora-gcc

Version: 0.15.4
Check: tests
Result: ERROR
     Running 'testthat.R' [21s]
    Running the tests in 'tests/testthat.R' failed.
    Complete output:
     > library(testthat)
     > library(riverdist)
     >
     > test_check("riverdist")
     OGR data source with driver: ESRI Shapefile
     Source: "D:\RCompile\CRANpkg\lib\4.2\riverdist\extdata", layer: "fakefish_UTM5"
     with 100 features
     It has 5 fields
     Integer64 fields read as strings: fish_id flight
    
     Point projection detected as different from river network. Re-projecting points before snapping to river network...
     Units: m
    
     Units: m
     ══ Failed tests ════════════════════════════════════════════════════════════════
     ── Error (test_riverdist.R:231:3): seqs ────────────────────────────────────────
     Error in `sum(as.vector(ds)[!is.na(as.vector(ds))])`: invalid 'type' (list) of argument
     Backtrace:
     █
     1. └─testthat::expect_equal(...) test_riverdist.R:231:2
     2. └─testthat::quasi_label(enquo(object), label, arg = "object")
     3. └─rlang::eval_bare(expr, quo_get_env(quo))
    
     [ FAIL 1 | WARN 1 | SKIP 0 | PASS 223 ]
     Error: Test failures
     Execution halted
Flavor: r-devel-windows-x86_64-new-UL

Version: 0.15.4
Check: tests
Result: ERROR
     Running 'testthat.R'
    Running the tests in 'tests/testthat.R' failed.
    Complete output:
     > library(testthat)
     > library(riverdist)
     >
     > test_check("riverdist")
     OGR data source with driver: ESRI Shapefile
     Source: "C:\r_packages\pkgcheck\CRAN\riverdist\riverdist.Rcheck\riverdist\extdata", layer: "fakefish_UTM5"
     with 100 features
     It has 5 fields
     Integer64 fields read as strings: fish_id flight
    
     Point projection detected as different from river network. Re-projecting points before snapping to river network...
     Units: m
    
     Units: m
     ══ Failed tests ════════════════════════════════════════════════════════════════
     ── Error (test_riverdist.R:231:3): seqs ────────────────────────────────────────
     Error in `sum(as.vector(ds)[!is.na(as.vector(ds))])`: invalid 'type' (list) of argument
     Backtrace:
     █
     1. └─testthat::expect_equal(...) test_riverdist.R:231:2
     2. └─testthat::quasi_label(enquo(object), label, arg = "object")
     3. └─rlang::eval_bare(expr, quo_get_env(quo))
    
     [ FAIL 1 | WARN 1 | SKIP 0 | PASS 223 ]
     Error: Test failures
     Execution halted
Flavor: r-devel-windows-x86_64-new-TK

Version: 0.15.4
Check: tests
Result: ERROR
     Running 'testthat.R' [22s]
    Running the tests in 'tests/testthat.R' failed.
    Complete output:
     > library(testthat)
     > library(riverdist)
     >
     > test_check("riverdist")
     OGR data source with driver: ESRI Shapefile
     Source: "D:\temp\Rtmp6XU21R\RLIBS_a290851702\riverdist\extdata", layer: "fakefish_UTM5"
     with 100 features
     It has 5 fields
     Integer64 fields read as strings: fish_id flight
    
     Point projection detected as different from river network. Re-projecting points before snapping to river network...
     Units: m
    
     Units: m
     == Failed tests ================================================================
     -- Error (test_riverdist.R:231:3): seqs ----------------------------------------
     Error in `sum(as.vector(ds)[!is.na(as.vector(ds))])`: invalid 'type' (list) of argument
     Backtrace:
     x
     1. \-testthat::expect_equal(...) test_riverdist.R:231:2
     2. \-testthat::quasi_label(enquo(object), label, arg = "object")
     3. \-rlang::eval_bare(expr, quo_get_env(quo))
    
     [ FAIL 1 | WARN 1 | SKIP 0 | PASS 223 ]
     Error: Test failures
     Execution halted
Flavor: r-devel-windows-x86_64-old