CRAN Package Check Results for Package ridgetorus

Last updated on 2024-07-13 15:49:10 CEST.

Flavor Version Tinstall Tcheck Ttotal Status Flags
r-devel-linux-x86_64-debian-clang 1.0.2 54.84 494.88 549.72 OK
r-devel-linux-x86_64-debian-gcc 1.0.2 41.71 341.04 382.75 OK
r-devel-linux-x86_64-fedora-clang 1.0.2 712.21 OK
r-devel-linux-x86_64-fedora-gcc 1.0.2 689.05 OK
r-devel-windows-x86_64 1.0.2 46.00 497.00 543.00 NOTE
r-patched-linux-x86_64 1.0.2 49.31 473.27 522.58 OK
r-release-linux-x86_64 1.0.2 47.24 483.87 531.11 OK
r-release-macos-arm64 1.0.2 147.00 OK
r-release-macos-x86_64 1.0.2 283.00 OK
r-release-windows-x86_64 1.0.2 47.00 507.00 554.00 OK
r-oldrel-macos-arm64 1.0.2 163.00 OK
r-oldrel-macos-x86_64 1.0.2 396.00 OK
r-oldrel-windows-x86_64 1.0.2 58.00 520.00 578.00 OK

Check Details

Version: 1.0.2
Check: Rd cross-references
Result: NOTE Found the following Rd file(s) with Rd \link{} targets missing package anchors: bvm.Rd: sdetorus bwc.Rd: sdetorus bwn.Rd: sdetorus ridge_fourier_fit.Rd: sphunif Please provide package anchors for all Rd \link{} targets not in the package itself and the base packages. Flavor: r-devel-windows-x86_64